{"id":826,"date":"2021-10-31T14:45:40","date_gmt":"2021-10-31T13:45:40","guid":{"rendered":"https:\/\/gruene-ov-stuttgart.de\/birkach-plieningen\/?page_id=826"},"modified":"2021-11-11T21:50:53","modified_gmt":"2021-11-11T20:50:53","slug":"lebensraum-stadt","status":"publish","type":"page","link":"https:\/\/gruene-ov-stuttgart.de\/birkach-plieningen\/lebensraum-stadt\/","title":{"rendered":"Lebensraum Stadt"},"content":{"rendered":"\n<p>Wir setzen uns f\u00fcr eine regionale, naturnahe, \u00f6kologische und artgerechte Erzeugung landwirtschaftlicher Produkte ein und freuen uns, dass die noch verbliebenen Stuttgarter Landwirte z.B. \u00fcber die Wochenm\u00e4rkte oder Hofl\u00e4den zu einer umwelt- und klimaschonenden Nahversorgung beitragen.<\/p>\n\n\n\n<p>Landwirtschaftliche Fl\u00e4chen wurden in der Vergangenheit als Bauland oder f\u00fcr Gro\u00dfprojekte stark dezimiert. Einige Neubaugebiete auf landwirtschaftlichen Fl\u00e4chen konnten wir erfolgreich verhindern. Doch der Druck auf die Fl\u00e4chen w\u00e4chst weiter, vor allem auf den Fildern (z.B. Birkacher Feld) und um Zuffenhausen und Weilimdorf. Wir Gr\u00fcne werden die Landwirtschaft auch in Zukunft verteidigen und unterst\u00fctzen.<\/p>\n\n\n\n<p>Unser bundesweit einmaliges <a href=\"https:\/\/www.stuttgart.de\/leben\/umwelt\/naturschutz\/artenschutz.php\">Artenschutzkonzept f\u00fcr die Stadt<\/a> sch\u00fctzt die Tier- und Pflanzenwelt in Stuttgart besser. Wir wollen dieses Artenschutzkonzept weiterf\u00fchren und ausbauen. Dem Staatsziel Tierschutz ist auch die Kommune verpflichtet. Dasgilt auch f\u00fcr Wildtiere. Wir wollen bis Anfang 2023 in jedem Stuttgarter Stadtbezirk ein Stadttaubenhaus einrichten.<\/p>\n\n\n\n<hr class=\"wp-block-separator has-text-color has-background\" style=\"background-color:#48ce1b;color:#48ce1b\"\/>\n\n\n\n<h2 class=\"wp-block-heading\">Stadt f\u00fcr Menschen<\/h2>\n\n\n\n<p>Stuttgart befindet sich in einem permanenten Wandel. Das zeigen nicht zuletzt die vielen Gro\u00dfbaustellen im Herzen der Stadt. Dieser Wandel ist Folge und gleichzeitig Grundlage der enormen Wirtschaftskraft und der hohen Attraktivit\u00e4t unserer Stadt. Wir Gr\u00fcne gestalten diesen Wandel positiv und achten darauf, dass Stuttgart seinen typischen Charakter bewahrt. Wir wollen, dass sich Stuttgarterinnen und Stuttgarter gerne mit ihrer Stadt identifizieren.<\/p>\n\n\n\n<p>F\u00fcr eine b\u00fcrgerfreundliche und identit\u00e4tsstiftende Stadtentwicklung ist ein angemessener Schutz des historischen Stadtbilds unverzichtbar. Dazu geh\u00f6rt eine St\u00e4rkung des Denkmalschutzes in der \u00f6ffentlichen Wahrnehmung.<\/p>\n\n\n\n<p>Stadtplanung muss Verdr\u00e4ngungsmechanismen und R\u00fcckzugsbewegungen entgegenarbeiten und lebendige Quartiere st\u00e4rken. Ein erster wichtiger Schritt besteht darin, dass sich die Beteiligten ihrer Wirkung auf die lokale Sicherheitslage bewusst werden. Im n\u00e4chsten Schritt sollen sich die B\u00fcrgerinnen und B\u00fcrger aktiv an der Gestaltung des \u00f6ffentlichen Raums beteiligen und ihre Ideen und W\u00fcnsche f\u00fcr die Planung von Stadtvierteln, Wegen, Stra\u00dfen und Pl\u00e4tzen einbringen. Nur so k\u00f6nnen sie sich damit identifizieren, werden sich auch st\u00e4rker um ihr Quartier k\u00fcmmern und den \u00f6ffentlichen Raum zu ihrer Angelegenheit machen.<\/p>\n\n\n\n<hr class=\"wp-block-separator has-text-color has-background\" style=\"background-color:#48ce1b;color:#48ce1b\"\/>\n\n\n\n<h2 class=\"wp-block-heading\">Wohnen in der Stadt<\/h2>\n\n\n\n<p>Mit ihrem hohen Arbeitsplatzangebot, ihrer kulturellen Vielfalt und den umliegenden Naherholungsgebieten ist die Stadt sehr attraktiv und Wohnraum ist zu einem knappen und teuren Gut geworden. Spekulation mit Wohnimmobilien, Missachtung des geltenden Mietspiegels und der gesetzlichen Mietpreisbremse tragen im Wesentlichen zu den rasant steigenden Wohnkosten bei.<\/p>\n\n\n\n<p>Dieses Problem bewegt nicht nur diejenigen, die umziehen m\u00fcssen oder wollen. Auch diejenigen, die eine Wohnung haben, f\u00fchlen mit \u2013 auch weil sie bef\u00fcrchten, dass sie im Fall der F\u00e4lle wom\u00f6glich keine neue Wohnung mehr finden w\u00fcrden. Diese Verunsicherung birgt Konfliktpotential in der Gesellschaft. Hier ist die Politik gefordert und muss Sicherheit geben. Deshalb setzen wir uns weiter mit vollem Engagement f\u00fcr mehr Wohnungen ein &#8211; mit klarem Fokus auf g\u00fcnstigen Wohnraum. Von Land und Bund fordern wir wirksame gesetzliche Rahmenbedingungen f\u00fcr die Durchsetzung der Mietpreisbremse und den Kampf gegen Zweckentfremdung.<\/p>\n\n\n\n<p>Mit einem Anteil an gef\u00f6rderten Wohnungen in allen Neubaugebieten von rund 50 Prozent sorgen wir daf\u00fcr, dass sich Menschen unterschiedlichen Familienstandes, Einkommens und unterschiedlicher kultureller und sozialer Herkunft begegnen, Kinder gemeinsam in der Schule lernen und Wahlverwandtschaften entstehen k\u00f6nnen. Damit wird der dringend notwendige soziale Zusammenhalt in Stuttgart gest\u00e4rkt!<\/p>\n\n\n\n<p>Als Garant f\u00fcr die Bereitstellung von g\u00fcnstigem Wohnraum sehen wir die St\u00e4dtische Wohnungs- und St\u00e4dtebaugesellschaft SWSG. Sie muss keine Gewinne an die Stadt abf\u00fchren, sondern investiert jeden Cent in ihren Wohnungsbestand von mehr als 18.000 Wohnungen, in Zuk\u00e4ufe zum Ausbau des Bestandes und in ein enormes Modernisierungs- und Neubauprogramm. Die SWSG h\u00e4lt ihre Mieten deutlich unter dem stadtweiten Durchschnitt. Und sie stellt eine gro\u00dfe Zahl an gef\u00f6rderten Wohnungen bereit: Knapp die H\u00e4lfte aller \u00f6ffentlich gef\u00f6rderten Wohnungen in Stuttgart werden von der SWSG bereitgestellt. Damit ist die SWSG auf dem richtigen Kurs. Wir werden sie weiter unterst\u00fctzen und antreiben, dass sie dabei noch mehr Fahrt aufnimmt.<\/p>\n\n\n\n<hr class=\"wp-block-separator has-text-color has-background\" style=\"background-color:#48ce1b;color:#48ce1b\"\/>\n\n\n\n<h2 class=\"wp-block-heading\">Sicherheit im \u00f6ffentlichen Raum<\/h2>\n\n\n\n<p>Dunkle Wege oder Unterf\u00fchrungen, zugem\u00fcllte Gr\u00fcnfl\u00e4chen und B\u00e4nke und Vandalismus sind auch in Stuttgart immer h\u00e4ufiger zu beobachten. H\u00e4ufig f\u00fchrt das dazu, dass Menschen ihre Lebensgewohnheiten \u00e4ndern und solche R\u00e4ume meiden. Grund daf\u00fcr sind meist undefinierte oder un\u00fcbersichtliche Fu\u00dfwegebeziehungen oder eine marode Infrastruktur. Der \u00f6ffentliche Raum muss mit den Menschen gestaltet und von ihnen jederzeit unbesorgt, angstfrei und unter gegenseitiger R\u00fccksichtnahme genutzt werden k\u00f6nnen. Dazu geh\u00f6rt ein gutes Angebot an Sitz- und Kommunikationsgelegenheiten sowie \u00f6ffentliche Toiletten.<\/p>\n","protected":false},"excerpt":{"rendered":"<p>Wir setzen uns f\u00fcr eine regionale, naturnahe, \u00f6kologische und artgerechte Erzeugung landwirtschaftlicher Produkte ein und freuen uns, dass die noch verbliebenen Stuttgarter Landwirte z.B. \u00fcber die Wochenm\u00e4rkte oder Hofl\u00e4den zu [&hellip;]<\/p>\n","protected":false},"author":5,"featured_media":0,"parent":0,"menu_order":0,"comment_status":"closed","ping_status":"closed","template":"","meta":{"footnotes":""},"class_list":["post-826","page","type-page","status-publish","hentry"],"_links":{"self":[{"href":"https:\/\/gruene-ov-stuttgart.de\/birkach-plieningen\/wp-json\/wp\/v2\/pages\/826","targetHints":{"allow":["GET"]}}],"collection":[{"href":"https:\/\/gruene-ov-stuttgart.de\/birkach-plieningen\/wp-json\/wp\/v2\/pages"}],"about":[{"href":"https:\/\/gruene-ov-stuttgart.de\/birkach-plieningen\/wp-json\/wp\/v2\/types\/page"}],"author":[{"embeddable":true,"href":"https:\/\/gruene-ov-stuttgart.de\/birkach-plieningen\/wp-json\/wp\/v2\/users\/5"}],"replies":[{"embeddable":true,"href":"https:\/\/gruene-ov-stuttgart.de\/birkach-plieningen\/wp-json\/wp\/v2\/comments?post=826"}],"version-history":[{"count":8,"href":"https:\/\/gruene-ov-stuttgart.de\/birkach-plieningen\/wp-json\/wp\/v2\/pages\/826\/revisions"}],"predecessor-version":[{"id":1112,"href":"https:\/\/gruene-ov-stuttgart.de\/birkach-plieningen\/wp-json\/wp\/v2\/pages\/826\/revisions\/1112"}],"wp:attachment":[{"href":"https:\/\/gruene-ov-stuttgart.de\/birkach-plieningen\/wp-json\/wp\/v2\/media?parent=826"}],"curies":[{"name":"wp","href":"https:\/\/api.w.org\/{rel}","templated":true}]}}

<p>Wir setzen uns für eine regionale, naturnahe, ökologische und artgerechte Erzeugung landwirtschaftlicher Produkte ein und freuen uns, dass die noch verbliebenen Stuttgarter Landwirte z.B. über die Wochenmärkte oder Hofläden zu einer umwelt- und klimaschonenden Nahversorgung beitragen.</p>



<p>Landwirtschaftliche Flächen wurden in der Vergangenheit als Bauland oder für Großprojekte stark dezimiert. Einige Neubaugebiete auf landwirtschaftlichen Flächen konnten wir erfolgreich verhindern. Doch der Druck auf die Flächen wächst weiter, vor allem auf den Fildern (z.B. Birkacher Feld) und um Zuffenhausen und Weilimdorf. Wir Grüne werden die Landwirtschaft auch in Zukunft verteidigen und unterstützen.</p>



<p>Unser bundesweit einmaliges <a href="https://www.stuttgart.de/leben/umwelt/naturschutz/artenschutz.php">Artenschutzkonzept für die Stadt</a> schützt die Tier- und Pflanzenwelt in Stuttgart besser. Wir wollen dieses Artenschutzkonzept weiterführen und ausbauen. Dem Staatsziel Tierschutz ist auch die Kommune verpflichtet. Dasgilt auch für Wildtiere. Wir wollen bis Anfang 2023 in jedem Stuttgarter Stadtbezirk ein Stadttaubenhaus einrichten.</p>



<hr class="wp-block-separator has-text-color has-background" style="background-color:#48ce1b;color:#48ce1b"/>



<h2 class="wp-block-heading">Stadt für Menschen</h2>



<p>Stuttgart befindet sich in einem permanenten Wandel. Das zeigen nicht zuletzt die vielen Großbaustellen im Herzen der Stadt. Dieser Wandel ist Folge und gleichzeitig Grundlage der enormen Wirtschaftskraft und der hohen Attraktivität unserer Stadt. Wir Grüne gestalten diesen Wandel positiv und achten darauf, dass Stuttgart seinen typischen Charakter bewahrt. Wir wollen, dass sich Stuttgarterinnen und Stuttgarter gerne mit ihrer Stadt identifizieren.</p>



<p>Für eine bürgerfreundliche und identitätsstiftende Stadtentwicklung ist ein angemessener Schutz des historischen Stadtbilds unverzichtbar. Dazu gehört eine Stärkung des Denkmalschutzes in der öffentlichen Wahrnehmung.</p>



<p>Stadtplanung muss Verdrängungsmechanismen und Rückzugsbewegungen entgegenarbeiten und lebendige Quartiere stärken. Ein erster wichtiger Schritt besteht darin, dass sich die Beteiligten ihrer Wirkung auf die lokale Sicherheitslage bewusst werden. Im nächsten Schritt sollen sich die Bürgerinnen und Bürger aktiv an der Gestaltung des öffentlichen Raums beteiligen und ihre Ideen und Wünsche für die Planung von Stadtvierteln, Wegen, Straßen und Plätzen einbringen. Nur so können sie sich damit identifizieren, werden sich auch stärker um ihr Quartier kümmern und den öffentlichen Raum zu ihrer Angelegenheit machen.</p>



<hr class="wp-block-separator has-text-color has-background" style="background-color:#48ce1b;color:#48ce1b"/>



<h2 class="wp-block-heading">Wohnen in der Stadt</h2>



<p>Mit ihrem hohen Arbeitsplatzangebot, ihrer kulturellen Vielfalt und den umliegenden Naherholungsgebieten ist die Stadt sehr attraktiv und Wohnraum ist zu einem knappen und teuren Gut geworden. Spekulation mit Wohnimmobilien, Missachtung des geltenden Mietspiegels und der gesetzlichen Mietpreisbremse tragen im Wesentlichen zu den rasant steigenden Wohnkosten bei.</p>



<p>Dieses Problem bewegt nicht nur diejenigen, die umziehen müssen oder wollen. Auch diejenigen, die eine Wohnung haben, fühlen mit – auch weil sie befürchten, dass sie im Fall der Fälle womöglich keine neue Wohnung mehr finden würden. Diese Verunsicherung birgt Konfliktpotential in der Gesellschaft. Hier ist die Politik gefordert und muss Sicherheit geben. Deshalb setzen wir uns weiter mit vollem Engagement für mehr Wohnungen ein &#8211; mit klarem Fokus auf günstigen Wohnraum. Von Land und Bund fordern wir wirksame gesetzliche Rahmenbedingungen für die Durchsetzung der Mietpreisbremse und den Kampf gegen Zweckentfremdung.</p>



<p>Mit einem Anteil an geförderten Wohnungen in allen Neubaugebieten von rund 50 Prozent sorgen wir dafür, dass sich Menschen unterschiedlichen Familienstandes, Einkommens und unterschiedlicher kultureller und sozialer Herkunft begegnen, Kinder gemeinsam in der Schule lernen und Wahlverwandtschaften entstehen können. Damit wird der dringend notwendige soziale Zusammenhalt in Stuttgart gestärkt!</p>



<p>Als Garant für die Bereitstellung von günstigem Wohnraum sehen wir die Städtische Wohnungs- und Städtebaugesellschaft SWSG. Sie muss keine Gewinne an die Stadt abführen, sondern investiert jeden Cent in ihren Wohnungsbestand von mehr als 18.000 Wohnungen, in Zukäufe zum Ausbau des Bestandes und in ein enormes Modernisierungs- und Neubauprogramm. Die SWSG hält ihre Mieten deutlich unter dem stadtweiten Durchschnitt. Und sie stellt eine große Zahl an geförderten Wohnungen bereit: Knapp die Hälfte aller öffentlich geförderten Wohnungen in Stuttgart werden von der SWSG bereitgestellt. Damit ist die SWSG auf dem richtigen Kurs. Wir werden sie weiter unterstützen und antreiben, dass sie dabei noch mehr Fahrt aufnimmt.</p>



<hr class="wp-block-separator has-text-color has-background" style="background-color:#48ce1b;color:#48ce1b"/>



<h2 class="wp-block-heading">Sicherheit im öffentlichen Raum</h2>



<p>Dunkle Wege oder Unterführungen, zugemüllte Grünflächen und Bänke und Vandalismus sind auch in Stuttgart immer häufiger zu beobachten. Häufig führt das dazu, dass Menschen ihre Lebensgewohnheiten ändern und solche Räume meiden. Grund dafür sind meist undefinierte oder unübersichtliche Fußwegebeziehungen oder eine marode Infrastruktur. Der öffentliche Raum muss mit den Menschen gestaltet und von ihnen jederzeit unbesorgt, angstfrei und unter gegenseitiger Rücksichtnahme genutzt werden können. Dazu gehört ein gutes Angebot an Sitz- und Kommunikationsgelegenheiten sowie öffentliche Toiletten.</p>

<p>Wir setzen uns für eine regionale, naturnahe, ökologische und artgerechte Erzeugung landwirtschaftlicher Produkte ein und freuen uns, dass die noch verbliebenen Stuttgarter Landwirte z.B. über die Wochenmärkte oder Hofläden zu [&hellip;]</p>
