{"id":830,"date":"2021-10-31T15:11:30","date_gmt":"2021-10-31T14:11:30","guid":{"rendered":"https:\/\/gruene-ov-stuttgart.de\/birkach-plieningen\/?page_id=830"},"modified":"2021-11-11T21:48:51","modified_gmt":"2021-11-11T20:48:51","slug":"neue-mobilitaet-fuer-die-stadt","status":"publish","type":"page","link":"https:\/\/gruene-ov-stuttgart.de\/birkach-plieningen\/neue-mobilitaet-fuer-die-stadt\/","title":{"rendered":"Neue Mobilit\u00e4t f\u00fcr die Stadt"},"content":{"rendered":"\n<h2 class=\"wp-block-heading\">Eine bewegende Stadt<\/h2>\n\n\n\n<p>Immer mehr St\u00e4dte und Metropolen in Europa wandeln sich und nehmen wie Stuttgart Abschied von der autogerechten Stadt. Klimabewusstsein und der Wunsch nach sauberer Luft und mehr Lebensqualit\u00e4t haben diesen Wandel vorangetrieben. Wir Gr\u00fcnen setzen uns seit Jahren f\u00fcr nachhaltige Mobilit\u00e4t ein. In der Mobilit\u00e4t von Morgen wird zu Fu\u00df gehen und Radfahren im Nahbereich allt\u00e4glich sein. Busse und Bahnen verbinden Stadt und Region optimal. Das Auto wird dort eingesetzt, wo es seine St\u00e4rken hat oder es keine sinnvollen Alternativen gibt.<\/p>\n\n\n\n<hr class=\"wp-block-separator has-text-color has-background\" style=\"background-color:#48ce1b;color:#48ce1b\"\/>\n\n\n\n<h2 class=\"wp-block-heading\">Mobil ohne eigenes Auto<\/h2>\n\n\n\n<p>Der \u00f6ffentliche Verkehr in Stuttgart ist eine Erfolgsgeschichte. J\u00e4hrlich meldet der VVS Rekorde bei Fahrgastzahlen und Fahrgastzuw\u00e4chsen. Mit der l\u00e4ngst \u00fcberf\u00e4lligen Tarifreform 2019 wurde das gesamte Stadtgebiet zu einer Tarifzone zusammengefasst. Gleichzeitig wurden die Preise gesenkt.<\/p>\n\n\n\n<p>Die Tarifreform war nur der erste Schritt. Bus und Bahn wollen wir mit einer Nahverkehrsabgabe dauerhaft g\u00fcnstiger machen und das Angebot ausweiten. Wir wollen einen Mobilit\u00e4tspass einf\u00fchren, bei dem das Jahresticket nur noch 365 Euro kostet. Der Beitrag von einem Euro pro Tag von allen, die mit Bahn, Bus oder Auto unterwegs sind, erm\u00f6glicht einen massiven, kontinuierlichen Ausbau des \u00f6ffentlichen Nahverkehrs mit neuen attraktiven Angeboten zu fairen Preisen.<\/p>\n\n\n\n<p>In Birkach und Plieningen gibt es bereits mehrere sog. Mobilit\u00e4tshubs &#8211; also Standorte mit unterschiedlichen Mobilit\u00e4tsangeboten:<\/p>\n\n\n\n<ul class=\"wp-block-list\"><li>Plieningen Garbe: Bus, Stadtbahn, RegioRad, Taxi, CarSharing, Parkpl\u00e4tze<\/li><li>Plieningen Post: Bus, CarSharing, Parkpl\u00e4tze, RegioRad<\/li><li>Birkach Friedhof: Bus, CarSharing, Parkpl\u00e4tze<\/li><\/ul>\n\n\n\n<hr class=\"wp-block-separator has-text-color has-background\" style=\"background-color:#48ce1b;color:#48ce1b\"\/>\n\n\n\n<h2 class=\"wp-block-heading\">Vorfahrt f\u00fcr Bus und Bahn<\/h2>\n\n\n\n<p>Wir wollen dem \u00f6ffentlichen Nahverkehr klar den Vorrang einr\u00e4umen. Daf\u00fcr m\u00fcssen Ampelschaltungen verbessert und  weitere Busspuren eingef\u00fchrt werden. Den Nachtverkehr wollen wir mit weiteren Nachtbussen und l\u00e4nger fahrenden Stadtbahnen ausweiten. SSB Flex, die neuen flexiblen Kleinbusse, sollen fl\u00e4chendeckend dort eingesetzt werden, wo das klassische SSB-Angebot nicht passt. Wir wollen, dass alle auch in der Nacht mit dem \u00d6PNV sicher nach Hause kommen. Die Einrichtung von WLAN in Bus und Stadtbahn halten wir f\u00fcr sinnvoll. <\/p>\n\n\n\n<p>Wir fordern die SSB auf, die Elektrifizierung ihrer Busflotte systematisch anzugehen. Die notwendigen Investitionen in Infrastruktur, Personal und Fahrzeuge unterst\u00fctzen wir. Wir werden weiter daf\u00fcr k\u00e4mpfen, dass die Fahrradmitnahme in Bussen erprobt, und wo sinnvoll m\u00f6glich, zur Regel wird. Das bisherige Angebot an Fahrradabstellpl\u00e4tzen an Haltestellen kann mit dem rasanten Wachstum des Radverkehrs nicht mehr mithalten. Wir wollen mit Fahrradparkh\u00e4usern an hoch frequentierten Haltestellen dieses Angebot ausweiten.<\/p>\n\n\n\n<hr class=\"wp-block-separator has-text-color has-background\" style=\"background-color:#48ce1b;color:#48ce1b\"\/>\n\n\n\n<h2 class=\"wp-block-heading\">Radverkehr ausbauen und f\u00f6rdern<\/h2>\n\n\n\n<p>Das ist ein echter Erfolg gr\u00fcner Verkehrspolitik: Immer mehr Stuttgarterinnen und Stuttgarter steigen aufs Rad. Das ist unser Ansporn, dem Fahrrad einen noch h\u00f6heren Stellenwert einzur\u00e4umen. H\u00e4ufig wird der Ausbau des Nahverkehrs als alleinige L\u00f6sung propagiert und dabei vergessen, dass Radfahrende nicht nur die Stra\u00dfen, sondern auch bereits stark frequentierte Busse und Bahnen entlasten. Nur in einem klugen Verbund von \u00f6ffenoch viel mehr Menschen das Auto regelm\u00e4\u00dfig stehen lassen.<\/p>\n\n\n\n<p>Von der Planung bis zur Umsetzung der Radwege dauert es aktuell noch zu lange. Wir Gr\u00fcnen haben uns erfolgreich daf\u00fcr eingesetzt, das Personal, das f\u00fcr den Radverkehr zust\u00e4ndig ist, aufzustocken. Auch den Radverkehrsetat haben wir deutlich aufgestockt und wollen dies auch k\u00fcnftig so handhaben. Nur so k\u00f6nnen die Hauptradrouten zwischen den Stadtteilen z\u00fcgiger gebaut werden. Mit Elektror\u00e4dern kann heute schneller und weiter gefahren werden. Daher ist nun die Zeit f\u00fcr Radschnellwege reif, die Stuttgart mit den Nachbarst\u00e4dten verbinden. Wir setzen uns daf\u00fcr ein, dass in den kommenden f\u00fcnf Jahren Radschnellwege nach B\u00f6blingen \/ Sindelfingen, Esslingen, Fellbach und Ludwigsburg gebaut werden. In Stuttgart sorgen wir fr\u00fchzeitig f\u00fcr deren gute Anbindung an das Stuttgarter Hauptradroutennetz. Damit kann ein Teil der Pendlerinnen und Pendler aus der Region auf das Fahrrad umsteigen &#8211; auch im Winter, denn was f\u00fcr Stra\u00dfen gilt, muss auch f\u00fcr Radwege gelten. <\/p>\n\n\n\n<p>Das Radroutennetz muss heute verschiedenen Anforderungen gen\u00fcgen. Es werden Radwege f\u00fcr Kinder und Jugendliche auf dem Weg zur Schule, aber auch f\u00fcr \u00e4ltere Menschen und flotte Radpendler*innen ben\u00f6tigt. Die  Radwege m\u00fcssen f\u00fcr schnelle Elektror\u00e4der und Fahrr\u00e4der mit Anh\u00e4nger genauso geeignet sein wie f\u00fcr Lastenr\u00e4der und Citylogistik. Sie m\u00fcssen deshalb so ausgelegt sein, dass schnelles \u00dcberholen auf ihnen m\u00f6glich ist. Gr\u00fcne Wellen auf wichtigen Radrouten, schnelles Gr\u00fcn an Ampeln und der Gr\u00fcne Pfeil zum Rechtsabbiegen bei roter Ampel sollen ein z\u00fcgiges und kr\u00e4fteschonendes Radfahren erm\u00f6glichen. Fahrradstra\u00dfen in den Stadtbezirken wollen wir deutlich ausbauen, damit die Radfahrenden dort Vorrang haben und auch nebeneinander fahren d\u00fcrfen.<\/p>\n","protected":false},"excerpt":{"rendered":"<p>Eine bewegende Stadt Immer mehr St\u00e4dte und Metropolen in Europa wandeln sich und nehmen wie Stuttgart Abschied von der autogerechten Stadt. Klimabewusstsein und der Wunsch nach sauberer Luft und mehr [&hellip;]<\/p>\n","protected":false},"author":5,"featured_media":0,"parent":0,"menu_order":0,"comment_status":"closed","ping_status":"closed","template":"","meta":{"footnotes":""},"class_list":["post-830","page","type-page","status-publish","hentry"],"_links":{"self":[{"href":"https:\/\/gruene-ov-stuttgart.de\/birkach-plieningen\/wp-json\/wp\/v2\/pages\/830","targetHints":{"allow":["GET"]}}],"collection":[{"href":"https:\/\/gruene-ov-stuttgart.de\/birkach-plieningen\/wp-json\/wp\/v2\/pages"}],"about":[{"href":"https:\/\/gruene-ov-stuttgart.de\/birkach-plieningen\/wp-json\/wp\/v2\/types\/page"}],"author":[{"embeddable":true,"href":"https:\/\/gruene-ov-stuttgart.de\/birkach-plieningen\/wp-json\/wp\/v2\/users\/5"}],"replies":[{"embeddable":true,"href":"https:\/\/gruene-ov-stuttgart.de\/birkach-plieningen\/wp-json\/wp\/v2\/comments?post=830"}],"version-history":[{"count":6,"href":"https:\/\/gruene-ov-stuttgart.de\/birkach-plieningen\/wp-json\/wp\/v2\/pages\/830\/revisions"}],"predecessor-version":[{"id":1108,"href":"https:\/\/gruene-ov-stuttgart.de\/birkach-plieningen\/wp-json\/wp\/v2\/pages\/830\/revisions\/1108"}],"wp:attachment":[{"href":"https:\/\/gruene-ov-stuttgart.de\/birkach-plieningen\/wp-json\/wp\/v2\/media?parent=830"}],"curies":[{"name":"wp","href":"https:\/\/api.w.org\/{rel}","templated":true}]}}

Neue Mobilität für die Stadt

<h2 class="wp-block-heading">Eine bewegende Stadt</h2>



<p>Immer mehr Städte und Metropolen in Europa wandeln sich und nehmen wie Stuttgart Abschied von der autogerechten Stadt. Klimabewusstsein und der Wunsch nach sauberer Luft und mehr Lebensqualität haben diesen Wandel vorangetrieben. Wir Grünen setzen uns seit Jahren für nachhaltige Mobilität ein. In der Mobilität von Morgen wird zu Fuß gehen und Radfahren im Nahbereich alltäglich sein. Busse und Bahnen verbinden Stadt und Region optimal. Das Auto wird dort eingesetzt, wo es seine Stärken hat oder es keine sinnvollen Alternativen gibt.</p>



<hr class="wp-block-separator has-text-color has-background" style="background-color:#48ce1b;color:#48ce1b"/>



<h2 class="wp-block-heading">Mobil ohne eigenes Auto</h2>



<p>Der öffentliche Verkehr in Stuttgart ist eine Erfolgsgeschichte. Jährlich meldet der VVS Rekorde bei Fahrgastzahlen und Fahrgastzuwächsen. Mit der längst überfälligen Tarifreform 2019 wurde das gesamte Stadtgebiet zu einer Tarifzone zusammengefasst. Gleichzeitig wurden die Preise gesenkt.</p>



<p>Die Tarifreform war nur der erste Schritt. Bus und Bahn wollen wir mit einer Nahverkehrsabgabe dauerhaft günstiger machen und das Angebot ausweiten. Wir wollen einen Mobilitätspass einführen, bei dem das Jahresticket nur noch 365 Euro kostet. Der Beitrag von einem Euro pro Tag von allen, die mit Bahn, Bus oder Auto unterwegs sind, ermöglicht einen massiven, kontinuierlichen Ausbau des öffentlichen Nahverkehrs mit neuen attraktiven Angeboten zu fairen Preisen.</p>



<p>In Birkach und Plieningen gibt es bereits mehrere sog. Mobilitätshubs &#8211; also Standorte mit unterschiedlichen Mobilitätsangeboten:</p>



<ul class="wp-block-list"><li>Plieningen Garbe: Bus, Stadtbahn, RegioRad, Taxi, CarSharing, Parkplätze</li><li>Plieningen Post: Bus, CarSharing, Parkplätze, RegioRad</li><li>Birkach Friedhof: Bus, CarSharing, Parkplätze</li></ul>



<hr class="wp-block-separator has-text-color has-background" style="background-color:#48ce1b;color:#48ce1b"/>



<h2 class="wp-block-heading">Vorfahrt für Bus und Bahn</h2>



<p>Wir wollen dem öffentlichen Nahverkehr klar den Vorrang einräumen. Dafür müssen Ampelschaltungen verbessert und  weitere Busspuren eingeführt werden. Den Nachtverkehr wollen wir mit weiteren Nachtbussen und länger fahrenden Stadtbahnen ausweiten. SSB Flex, die neuen flexiblen Kleinbusse, sollen flächendeckend dort eingesetzt werden, wo das klassische SSB-Angebot nicht passt. Wir wollen, dass alle auch in der Nacht mit dem ÖPNV sicher nach Hause kommen. Die Einrichtung von WLAN in Bus und Stadtbahn halten wir für sinnvoll. </p>



<p>Wir fordern die SSB auf, die Elektrifizierung ihrer Busflotte systematisch anzugehen. Die notwendigen Investitionen in Infrastruktur, Personal und Fahrzeuge unterstützen wir. Wir werden weiter dafür kämpfen, dass die Fahrradmitnahme in Bussen erprobt, und wo sinnvoll möglich, zur Regel wird. Das bisherige Angebot an Fahrradabstellplätzen an Haltestellen kann mit dem rasanten Wachstum des Radverkehrs nicht mehr mithalten. Wir wollen mit Fahrradparkhäusern an hoch frequentierten Haltestellen dieses Angebot ausweiten.</p>



<hr class="wp-block-separator has-text-color has-background" style="background-color:#48ce1b;color:#48ce1b"/>



<h2 class="wp-block-heading">Radverkehr ausbauen und fördern</h2>



<p>Das ist ein echter Erfolg grüner Verkehrspolitik: Immer mehr Stuttgarterinnen und Stuttgarter steigen aufs Rad. Das ist unser Ansporn, dem Fahrrad einen noch höheren Stellenwert einzuräumen. Häufig wird der Ausbau des Nahverkehrs als alleinige Lösung propagiert und dabei vergessen, dass Radfahrende nicht nur die Straßen, sondern auch bereits stark frequentierte Busse und Bahnen entlasten. Nur in einem klugen Verbund von öffenoch viel mehr Menschen das Auto regelmäßig stehen lassen.</p>



<p>Von der Planung bis zur Umsetzung der Radwege dauert es aktuell noch zu lange. Wir Grünen haben uns erfolgreich dafür eingesetzt, das Personal, das für den Radverkehr zuständig ist, aufzustocken. Auch den Radverkehrsetat haben wir deutlich aufgestockt und wollen dies auch künftig so handhaben. Nur so können die Hauptradrouten zwischen den Stadtteilen zügiger gebaut werden. Mit Elektrorädern kann heute schneller und weiter gefahren werden. Daher ist nun die Zeit für Radschnellwege reif, die Stuttgart mit den Nachbarstädten verbinden. Wir setzen uns dafür ein, dass in den kommenden fünf Jahren Radschnellwege nach Böblingen / Sindelfingen, Esslingen, Fellbach und Ludwigsburg gebaut werden. In Stuttgart sorgen wir frühzeitig für deren gute Anbindung an das Stuttgarter Hauptradroutennetz. Damit kann ein Teil der Pendlerinnen und Pendler aus der Region auf das Fahrrad umsteigen &#8211; auch im Winter, denn was für Straßen gilt, muss auch für Radwege gelten. </p>



<p>Das Radroutennetz muss heute verschiedenen Anforderungen genügen. Es werden Radwege für Kinder und Jugendliche auf dem Weg zur Schule, aber auch für ältere Menschen und flotte Radpendler*innen benötigt. Die  Radwege müssen für schnelle Elektroräder und Fahrräder mit Anhänger genauso geeignet sein wie für Lastenräder und Citylogistik. Sie müssen deshalb so ausgelegt sein, dass schnelles Überholen auf ihnen möglich ist. Grüne Wellen auf wichtigen Radrouten, schnelles Grün an Ampeln und der Grüne Pfeil zum Rechtsabbiegen bei roter Ampel sollen ein zügiges und kräfteschonendes Radfahren ermöglichen. Fahrradstraßen in den Stadtbezirken wollen wir deutlich ausbauen, damit die Radfahrenden dort Vorrang haben und auch nebeneinander fahren dürfen.</p>

<p>Eine bewegende Stadt Immer mehr Städte und Metropolen in Europa wandeln sich und nehmen wie Stuttgart Abschied von der autogerechten Stadt. Klimabewusstsein und der Wunsch nach sauberer Luft und mehr [&hellip;]</p>
