{"id":88,"date":"2017-01-26T12:37:12","date_gmt":"2017-01-26T11:37:12","guid":{"rendered":"http:\/\/gruene-ov-stuttgart.de\/birkach-plieningen\/?page_id=88"},"modified":"2025-10-10T15:47:56","modified_gmt":"2025-10-10T13:47:56","slug":"bezirksbeirat","status":"publish","type":"page","link":"https:\/\/gruene-ov-stuttgart.de\/birkach-plieningen\/bezirksbeirat\/","title":{"rendered":"Bezirksbeirat"},"content":{"rendered":"\n<p>Die Bezirksbeir\u00e4te in Stuttgart spielen eine wichtige Rolle in der Kommunalpolitik. Sie beraten \u00fcber alle Entscheidungen, die der Gemeinderat f\u00fcr einen bestimmten Bezirk treffen soll, und sprechen Empfehlungen aus. Nach jeder Gemeinderatswahl werden die Bezirksbeir\u00e4te in den Stadtbezirken neu gebildet. Alle Mitglieder m\u00fcssen im entsprechenden Bezirk wohnen und ortskundig sein. F\u00fcr Birkach und Plieningen gibt es jeweils eigene Bezirksbeir\u00e4te, die jedoch gemeinsam tagen. Die Entscheidungen bzw. Abstimmungen werden bei \u00fcbergreifenden Themen gemeinsam oder jeweils f\u00fcr den betroffenen Stadtbezirk getroffen.<\/p>\n\n\n\n<p><\/p>\n\n\n\n<hr class=\"wp-block-separator has-text-color has-css-opacity has-background\" style=\"background-color:#48ce1b;color:#48ce1b\"\/>\n\n\n\n<h2 class=\"wp-block-heading\">Gr\u00fcne Mitglieder im Bezirksbeirat Birkach<\/h2>\n\n\n\n<ul class=\"wp-block-list\">\n<li>Lena Winkler (Fraktionssprecherin)<\/li>\n\n\n\n<li>Joachim Kausch<\/li>\n<\/ul>\n\n\n\n<p>Stellvertretende Mitglieder im Bezirksbeirat Birkach: <br>Katrin Haack und Petra Pfendtner<\/p>\n\n\n\n<div class=\"wp-block-buttons is-layout-flex wp-block-buttons-is-layout-flex\">\n<div class=\"wp-block-button\"><a class=\"wp-block-button__link wp-element-button\" href=\"https:\/\/www.stuttgart.de\/rathaus\/stadtbezirke\/birkach\/bezirksbeirat.php\">Mehr zum Bezirksbeirat Birkach<\/a><\/div>\n<\/div>\n\n\n\n<p><\/p>\n\n\n\n<hr class=\"wp-block-separator has-text-color has-css-opacity has-background\" style=\"background-color:#48ce1b;color:#48ce1b\"\/>\n\n\n\n<h2 class=\"wp-block-heading\">Gr\u00fcne Mitglieder im Bezirksbeirat Plieningen<\/h2>\n\n\n\n<ul class=\"wp-block-list\">\n<li>Birgit Popp-Kreckel (Fraktionssprecherin)<\/li>\n\n\n\n<li>Annette Sch\u00e4fer<\/li>\n\n\n\n<li>Urs Seel<\/li>\n<\/ul>\n\n\n\n<p>Stellvertretende Mitglieder im Bezirksbeirat Plieningen: <br>Dr. Thomas Bassler, Johannes Clar und Susanne Kremer<\/p>\n\n\n\n<div class=\"wp-block-buttons is-layout-flex wp-block-buttons-is-layout-flex\">\n<div class=\"wp-block-button\"><a class=\"wp-block-button__link wp-element-button\">Mehr zum Bezirksbeirat Plieningen<\/a><\/div>\n<\/div>\n\n\n\n<p><\/p>\n\n\n\n<hr class=\"wp-block-separator has-text-color has-css-opacity has-background\" style=\"background-color:#48ce1b;color:#48ce1b\"\/>\n\n\n\n<p><\/p>\n","protected":false},"excerpt":{"rendered":"<p>Die Bezirksbeir\u00e4te in Stuttgart spielen eine wichtige Rolle in der Kommunalpolitik. Sie beraten \u00fcber alle Entscheidungen, die der Gemeinderat f\u00fcr einen bestimmten Bezirk treffen soll, und sprechen Empfehlungen aus. Nach [&hellip;]<\/p>\n","protected":false},"author":5,"featured_media":0,"parent":0,"menu_order":0,"comment_status":"closed","ping_status":"closed","template":"","meta":{"footnotes":""},"class_list":["post-88","page","type-page","status-publish","hentry"],"_links":{"self":[{"href":"https:\/\/gruene-ov-stuttgart.de\/birkach-plieningen\/wp-json\/wp\/v2\/pages\/88","targetHints":{"allow":["GET"]}}],"collection":[{"href":"https:\/\/gruene-ov-stuttgart.de\/birkach-plieningen\/wp-json\/wp\/v2\/pages"}],"about":[{"href":"https:\/\/gruene-ov-stuttgart.de\/birkach-plieningen\/wp-json\/wp\/v2\/types\/page"}],"author":[{"embeddable":true,"href":"https:\/\/gruene-ov-stuttgart.de\/birkach-plieningen\/wp-json\/wp\/v2\/users\/5"}],"replies":[{"embeddable":true,"href":"https:\/\/gruene-ov-stuttgart.de\/birkach-plieningen\/wp-json\/wp\/v2\/comments?post=88"}],"version-history":[{"count":55,"href":"https:\/\/gruene-ov-stuttgart.de\/birkach-plieningen\/wp-json\/wp\/v2\/pages\/88\/revisions"}],"predecessor-version":[{"id":1701,"href":"https:\/\/gruene-ov-stuttgart.de\/birkach-plieningen\/wp-json\/wp\/v2\/pages\/88\/revisions\/1701"}],"wp:attachment":[{"href":"https:\/\/gruene-ov-stuttgart.de\/birkach-plieningen\/wp-json\/wp\/v2\/media?parent=88"}],"curies":[{"name":"wp","href":"https:\/\/api.w.org\/{rel}","templated":true}]}}