{"id":61,"date":"2017-02-24T22:36:33","date_gmt":"2017-02-24T21:36:33","guid":{"rendered":"http:\/\/gruene-ov-stuttgart.de\/feuerbach\/?page_id=61"},"modified":"2024-07-24T23:01:52","modified_gmt":"2024-07-24T21:01:52","slug":"ueber-uns","status":"publish","type":"page","link":"https:\/\/gruene-ov-stuttgart.de\/feuerbach\/ueber-uns\/","title":{"rendered":"\u00dcber uns"},"content":{"rendered":"<header class=\"article-header\">\n<h1 class=\"h2\"><a title=\"Willkommen auf der Seite des Ortsverbandes Stuttgart Feuerbach von B\u00fcndnis 90\/Die Gr\u00fcnen\" href=\"https:\/\/gruene-ov-stuttgart.de\/feuerbach\/2017\/02\/24\/hallo-welt\/\" rel=\"bookmark\">Willkommen auf der Seite des Ortsverbandes Stuttgart Feuerbach von B\u00fcndnis 90\/Die Gr\u00fcnen<\/a><\/h1>\n<\/header>\n<section class=\"entry-content clearfix\">Hier findest Du Informationen zu Veranstaltungen, Zielen und Terminen der Gr\u00fcnen in Feuerbach.<br \/>Wenn Du Gr\u00fcne Politik aktiv erleben und mitgestalten m\u00f6chtest, oder Dich auch einfach mit uns austauschen m\u00f6chtest, dann komm mit uns ins Gespr\u00e4ch.<br \/>M\u00f6glichkeiten dazu gibt es bei einer Sitzung des Ortsverbandes (OV) oder des Bezirksbeirats oder einer unserer anderen Veranstaltungen.<\/section>\n<section><\/section>\n<section class=\"entry-content clearfix\">Wir freuen uns auf Dich.<\/section>\n<section><\/section>\n<section><\/section>\n<section class=\"entry-content clearfix\"><\/section>\n<p><img loading=\"lazy\" decoding=\"async\" class=\"alignnone size-medium wp-image-1057\" src=\"https:\/\/gruene-ov-stuttgart.de\/feuerbach\/wp-content\/uploads\/2024\/07\/OV-Team_202407-400x503.jpg\" alt=\"Team des OV Feuerbach:\nOV-Sprecher:innen\nBezirksbeir\u00e4t:innen\" width=\"400\" height=\"503\" srcset=\"https:\/\/gruene-ov-stuttgart.de\/feuerbach\/wp-content\/uploads\/2024\/07\/OV-Team_202407-400x503.jpg 400w, https:\/\/gruene-ov-stuttgart.de\/feuerbach\/wp-content\/uploads\/2024\/07\/OV-Team_202407-800x1007.jpg 800w, https:\/\/gruene-ov-stuttgart.de\/feuerbach\/wp-content\/uploads\/2024\/07\/OV-Team_202407-768x967.jpg 768w, https:\/\/gruene-ov-stuttgart.de\/feuerbach\/wp-content\/uploads\/2024\/07\/OV-Team_202407.jpg 897w\" sizes=\"auto, (max-width: 400px) 100vw, 400px\" \/><\/p>\n<p>OV-Sprecher:innen-Team<\/p>\n<p>Monica Hettrich &amp; Daniel Kusterer<br \/>Susanne v. Schneider (Stellvertreterin)<\/p>\n<p>\u00a0<\/p>\n\n\n<div class=\"wp-block-group has-text-color has-background is-layout-flow wp-block-group-is-layout-flow\" style=\"color:#ffffff;background-color:#163c29\">\n<h2 class=\"wp-block-heading has-text-align-center h1\">Werde aktiv<\/h2>\n\n\n\n<p class=\"has-text-align-center\">Hallo, es gibt viele M\u00f6glichkeiten bei uns aktiv zu werden. <br>Schau Dir unsere Termine an und komme vorbei. Werde direkt Mitglied, oder trete erstmal so mit uns in Kontakt.<\/p>\n\n\n\n<div class=\"wp-block-buttons is-horizontal is-content-justification-center is-layout-flex wp-container-core-buttons-is-layout-499968f5 wp-block-buttons-is-layout-flex\">\n<div class=\"wp-block-button\"><a class=\"wp-block-button__link no-border-radius wp-element-button\" href=\"https:\/\/gruene-ov-stuttgart.de\/feuerbach\/termine\/\">Termine<\/a><\/div>\n\n\n\n<div class=\"wp-block-button\"><a class=\"wp-block-button__link no-border-radius wp-element-button\" href=\"https:\/\/gruene-stuttgart.de\/spenden\/\">Spenden<\/a><\/div>\n\n\n\n<div class=\"wp-block-button\"><a class=\"wp-block-button__link no-border-radius wp-element-button\" href=\"https:\/\/gruene-stuttgart.de\/mitmachen\/mitglied-werden\/\">Mitglied werden<\/a><\/div>\n\n\n\n<div class=\"wp-block-button\"><a class=\"wp-block-button__link wp-element-button\" href=\"https:\/\/gruene-ov-stuttgart.de\/feuerbach\/kontakt\/\">Kontakt<\/a><\/div>\n<\/div>\n<\/div>\n","protected":false},"excerpt":{"rendered":"<p>Willkommen auf der Seite des Ortsverbandes Stuttgart Feuerbach von B\u00fcndnis 90\/Die Gr\u00fcnen Hier findest Du Informationen zu Veranstaltungen, Zielen und Terminen der Gr\u00fcnen in Feuerbach.Wenn Du Gr\u00fcne Politik aktiv erleben [&hellip;]<\/p>\n","protected":false},"author":2,"featured_media":0,"parent":0,"menu_order":0,"comment_status":"closed","ping_status":"closed","template":"","meta":{"footnotes":""},"class_list":["post-61","page","type-page","status-publish","hentry"],"_links":{"self":[{"href":"https:\/\/gruene-ov-stuttgart.de\/feuerbach\/wp-json\/wp\/v2\/pages\/61","targetHints":{"allow":["GET"]}}],"collection":[{"href":"https:\/\/gruene-ov-stuttgart.de\/feuerbach\/wp-json\/wp\/v2\/pages"}],"about":[{"href":"https:\/\/gruene-ov-stuttgart.de\/feuerbach\/wp-json\/wp\/v2\/types\/page"}],"author":[{"embeddable":true,"href":"https:\/\/gruene-ov-stuttgart.de\/feuerbach\/wp-json\/wp\/v2\/users\/2"}],"replies":[{"embeddable":true,"href":"https:\/\/gruene-ov-stuttgart.de\/feuerbach\/wp-json\/wp\/v2\/comments?post=61"}],"version-history":[{"count":13,"href":"https:\/\/gruene-ov-stuttgart.de\/feuerbach\/wp-json\/wp\/v2\/pages\/61\/revisions"}],"predecessor-version":[{"id":1083,"href":"https:\/\/gruene-ov-stuttgart.de\/feuerbach\/wp-json\/wp\/v2\/pages\/61\/revisions\/1083"}],"wp:attachment":[{"href":"https:\/\/gruene-ov-stuttgart.de\/feuerbach\/wp-json\/wp\/v2\/media?parent=61"}],"curies":[{"name":"wp","href":"https:\/\/api.w.org\/{rel}","templated":true}]}}

Über uns

<header class="article-header">
<h1 class="h2"><a title="Willkommen auf der Seite des Ortsverbandes Stuttgart Feuerbach von Bündnis 90/Die Grünen" href="https://gruene-ov-stuttgart.de/feuerbach/2017/02/24/hallo-welt/" rel="bookmark">Willkommen auf der Seite des Ortsverbandes Stuttgart Feuerbach von Bündnis 90/Die Grünen</a></h1>
</header>
<section class="entry-content clearfix">Hier findest Du Informationen zu Veranstaltungen, Zielen und Terminen der Grünen in Feuerbach.<br />Wenn Du Grüne Politik aktiv erleben und mitgestalten möchtest, oder Dich auch einfach mit uns austauschen möchtest, dann komm mit uns ins Gespräch.<br />Möglichkeiten dazu gibt es bei einer Sitzung des Ortsverbandes (OV) oder des Bezirksbeirats oder einer unserer anderen Veranstaltungen.</section>
<section></section>
<section class="entry-content clearfix">Wir freuen uns auf Dich.</section>
<section></section>
<section></section>
<section class="entry-content clearfix"></section>
<p><img loading="lazy" decoding="async" class="alignnone size-medium wp-image-1057" src="https://gruene-ov-stuttgart.de/feuerbach/wp-content/uploads/2024/07/OV-Team_202407-400x503.jpg" alt="Team des OV Feuerbach:
OV-Sprecher:innen
Bezirksbeirät:innen" width="400" height="503" srcset="https://gruene-ov-stuttgart.de/feuerbach/wp-content/uploads/2024/07/OV-Team_202407-400x503.jpg 400w, https://gruene-ov-stuttgart.de/feuerbach/wp-content/uploads/2024/07/OV-Team_202407-800x1007.jpg 800w, https://gruene-ov-stuttgart.de/feuerbach/wp-content/uploads/2024/07/OV-Team_202407-768x967.jpg 768w, https://gruene-ov-stuttgart.de/feuerbach/wp-content/uploads/2024/07/OV-Team_202407.jpg 897w" sizes="auto, (max-width: 400px) 100vw, 400px" /></p>
<p>OV-Sprecher:innen-Team</p>
<p>Monica Hettrich &amp; Daniel Kusterer<br />Susanne v. Schneider (Stellvertreterin)</p>
<p> </p>


<div class="wp-block-group has-text-color has-background is-layout-flow wp-block-group-is-layout-flow" style="color:#ffffff;background-color:#163c29">
<h2 class="wp-block-heading has-text-align-center h1">Werde aktiv</h2>



<p class="has-text-align-center">Hallo, es gibt viele Möglichkeiten bei uns aktiv zu werden. <br>Schau Dir unsere Termine an und komme vorbei. Werde direkt Mitglied, oder trete erstmal so mit uns in Kontakt.</p>



<div class="wp-block-buttons is-horizontal is-content-justification-center is-layout-flex wp-container-core-buttons-is-layout-499968f5 wp-block-buttons-is-layout-flex">
<div class="wp-block-button"><a class="wp-block-button__link no-border-radius wp-element-button" href="https://gruene-ov-stuttgart.de/feuerbach/termine/">Termine</a></div>



<div class="wp-block-button"><a class="wp-block-button__link no-border-radius wp-element-button" href="https://gruene-stuttgart.de/spenden/">Spenden</a></div>



<div class="wp-block-button"><a class="wp-block-button__link no-border-radius wp-element-button" href="https://gruene-stuttgart.de/mitmachen/mitglied-werden/">Mitglied werden</a></div>



<div class="wp-block-button"><a class="wp-block-button__link wp-element-button" href="https://gruene-ov-stuttgart.de/feuerbach/kontakt/">Kontakt</a></div>
</div>
</div>

<p>Willkommen auf der Seite des Ortsverbandes Stuttgart Feuerbach von Bündnis 90/Die Grünen Hier findest Du Informationen zu Veranstaltungen, Zielen und Terminen der Grünen in Feuerbach.Wenn Du Grüne Politik aktiv erleben [&hellip;]</p>
