{"id":689,"date":"2021-05-12T17:08:13","date_gmt":"2021-05-12T15:08:13","guid":{"rendered":"https:\/\/gruene-ov-stuttgart.de\/stammheim\/?page_id=689"},"modified":"2021-05-15T09:53:50","modified_gmt":"2021-05-15T07:53:50","slug":"ueber-stammheim","status":"publish","type":"page","link":"https:\/\/gruene-ov-stuttgart.de\/stammheim\/ueber-stammheim\/","title":{"rendered":"\u00dcber Stammheim"},"content":{"rendered":"\n<ul class=\"wp-block-list\"><li><strong>Schulneubau<\/strong><\/li><\/ul>\n\n\n\n<p>Wegen der Verlegung der Parkrealschule von Zuffenhausen nach Stammheim,&nbsp; und erh\u00f6hter Sch\u00fcler*innenzahl in der Grundschule m\u00fcssen einige Geb\u00e4ude neu gebaut werden.<\/p>\n\n\n\n<p>Der Zeitplan f\u00fcr den aktuellen Bauabschnitt musste mehrfach nach hinten korrigiert werden. Gleichzeitig ist die Raumsituation an der Grund- sowie Realschule sehr angespannt. \u00dcber den Bezirksbeirat versuchen wir, Verbesserungen zu erreichen<\/p>\n\n\n\n<p>Hinzu kommt, dass der sogenannte H\u00fcbnerbau unter Denkmalschutz gestellt wurde. Dadurch werden erhebliche Neuplanungen n\u00f6tig, welche die weiteren Bauabschnitte verz\u00f6gern werden. Trotzdem setzten wir uns daf\u00fcr ein, dass der Schulstandort in einer guten baulichen und p\u00e4dagogischen Qualit\u00e4t entwickelt werden kann.<\/p>\n\n\n\n<ul class=\"wp-block-list\"><li><strong>Fl\u00e4chenversiegelung und L\u00e4rm<\/strong><\/li><\/ul>\n\n\n\n<p>Das geplante gro\u00dfe Gewerbegebiet auf Kornwestheimer Gemarkung (Bereich Langes Feld, Solitudeallee) bedeutet f\u00fcr den Stammheimer Norden einen Verlust an Lebensqualit\u00e4t wegen L\u00e4rm, LKW-Verkehr und Verlust von Naherholungsfl\u00e4chen. Es gibt entsprechende Klagen von B\u00fcrger*innen (Bundesverwaltungsgericht) gegen Kornwestheim. Der Bebauungsplan f\u00fcr Sieben Morgen wurde in diesem Zusammenhang als rechtswidrig erkl\u00e4rt. Jetzt m\u00fcssen z\u00fcgig die L\u00e4rmschutzma\u00dfnahmen angepasst werden.<\/p>\n\n\n\n<p>Wir begr\u00fc\u00dfen den Ausbau des G\u00fcterbahnhofes in Kornwestheim. Die Verlagerung von Verkehr von der Stra\u00dfe auf die Schiene notwendig f\u00fcr den Klimaschutz. Allerdings ist dringend eine Verkehrskonzept f\u00fcr den weiteren  LKW-Verkehr notwendig. Das fl\u00e4chenintensive Gewerbegebiet  wird unabh\u00e4ngig geplant. Dieses sehen wir wegen dem Verlust wertvollster Ackerfl\u00e4chen kritisch.<\/p>\n\n\n\n<ul class=\"wp-block-list\"><li><strong>PKW-Dichte<\/strong><\/li><\/ul>\n\n\n\n<p>Stammheim ist\u00a0 einer der Stuttgarter Stadtbezirke mit der h\u00f6chsten PKW-Dichte pro Kopf. Damit einher geht viel Verkehr innerorts. Der Parkdruck ist durch viele Pendler*innen, welche in Stammheim auf die U-Bahn umsteigen hoch.<\/p>\n\n\n\n<p>Wegen seiner Lage hat Stammheim einen guten Zugang zu st\u00e4dtischer Infrastruktur. Gleichzeitig nutzen viele ihr  Auto unter anderem zum Einkaufen im Umland. Hier ist ein \u00d6PNV-Ausbau wichtig. Au\u00dferdem muss die Nahversorgung in Stammheim selbst wieder besser werden.<\/p>\n\n\n\n<ul class=\"wp-block-list\"><li><strong>Radinfrastruktur<\/strong><\/li><\/ul>\n\n\n\n<p>Die Radinfrastruktur innerorts wird nur langsam besser. Ein Anschluss an das Radwegenetz fehlt.  Bereits 2019 haben wir eine ausf\u00fchrliche Radrundfahrt durchgef\u00fchrt und Problemstellen gesammelt, einige davon haben wir bereits im Bezirksbeirat eingebracht, so zum Beispiel die Neuwirtshauskreuzung und die Ortsausfahrt Richtung Kornwestheim. Wichtig ist auch, die Erreichbarkeit der Freihofstra\u00dfe als Einkaufsm\u00f6glichkeit zu verbessern. Insgesamt gibt es noch viel zu tun, damit Stammheim fahrradfreundlicher wird.<\/p>\n\n\n\n<ul class=\"wp-block-list\"><li><strong>Einzelhandel und Gastronomie<\/strong><\/li><\/ul>\n\n\n\n<p>Wie in vielen Orten k\u00e4mpfen auch in Stammheim kleine L\u00e4den ums \u00dcberleben. Die Zahl der Gastst\u00e4tten nimmt tendenziell ab, dieser Trend wird durch Corona verst\u00e4rkt. Die Neugestaltung des Freihofplatzes bietet hier enorme Chancen. F\u00fcr ein gute Nachbarschaft und gesellschaftliches Miteinander ist eine Nahversorgung vor Ort sehr wichtig. <\/p>\n\n\n\n<ul class=\"wp-block-list\"><li><strong>\u00d6PNV-Anbindung<\/strong><\/li><\/ul>\n\n\n\n<p>Die Anbindung an die Innenstadt mit der U15 in 25 Minuten ist gut, aber leider zu Spitzenzeiten \u00fcberlastet. Schon lange k\u00e4mpfen wir f\u00fcr Taktverdichtungen. Allerdings mit wenig Erfolg, weil die U-Bahn strecken bereits ab Pragsattel ausgelastet sind.  Die S-Bahn als Alternative ist nur per Bus erreichbar. Hier fordern wir eine direkte Schnellbusverbindung zum Bahnhof Zuffenhausen mit einer angemessenen Taktung. Au\u00dferdem ist uns eine Aufwertung des Bus 508 Richtung M\u00f6glingen ein Anliegen.<\/p>\n\n\n\n<ul class=\"wp-block-list\"><li><strong>Und ihr Anliegen<\/strong><\/li><\/ul>\n\n\n\n<p>Hier k\u00f6nnte ihr Anliegen f\u00fcr Stammheim stehen. Denn diese Aufz\u00e4hlung ist nur eine kleiner \u00dcberblick.<\/p>\n","protected":false},"excerpt":{"rendered":"<p>Schulneubau Wegen der Verlegung der Parkrealschule von Zuffenhausen nach Stammheim,&nbsp; und erh\u00f6hter Sch\u00fcler*innenzahl in der Grundschule m\u00fcssen einige Geb\u00e4ude neu gebaut werden. Der Zeitplan f\u00fcr den aktuellen Bauabschnitt musste mehrfach&#8230; <\/p>\n","protected":false},"author":4,"featured_media":0,"parent":0,"menu_order":0,"comment_status":"closed","ping_status":"closed","template":"","meta":{"_EventAllDay":false,"_EventTimezone":"","_EventStartDate":"","_EventEndDate":"","_EventStartDateUTC":"","_EventEndDateUTC":"","_EventShowMap":false,"_EventShowMapLink":false,"_EventURL":"","_EventCost":"","_EventCostDescription":"","_EventCurrencySymbol":"","_EventCurrencyCode":"","_EventCurrencyPosition":"","_EventDateTimeSeparator":"","_EventTimeRangeSeparator":"","_EventOrganizerID":[],"_EventVenueID":[],"_OrganizerEmail":"","_OrganizerPhone":"","_OrganizerWebsite":"","_VenueAddress":"","_VenueCity":"","_VenueCountry":"","_VenueProvince":"","_VenueState":"","_VenueZip":"","_VenuePhone":"","_VenueURL":"","_VenueStateProvince":"","_VenueLat":"","_VenueLng":"","_VenueShowMap":false,"_VenueShowMapLink":false,"footnotes":""},"class_list":["post-689","page","type-page","status-publish","hentry"],"_links":{"self":[{"href":"https:\/\/gruene-ov-stuttgart.de\/stammheim\/wp-json\/wp\/v2\/pages\/689","targetHints":{"allow":["GET"]}}],"collection":[{"href":"https:\/\/gruene-ov-stuttgart.de\/stammheim\/wp-json\/wp\/v2\/pages"}],"about":[{"href":"https:\/\/gruene-ov-stuttgart.de\/stammheim\/wp-json\/wp\/v2\/types\/page"}],"author":[{"embeddable":true,"href":"https:\/\/gruene-ov-stuttgart.de\/stammheim\/wp-json\/wp\/v2\/users\/4"}],"replies":[{"embeddable":true,"href":"https:\/\/gruene-ov-stuttgart.de\/stammheim\/wp-json\/wp\/v2\/comments?post=689"}],"version-history":[{"count":3,"href":"https:\/\/gruene-ov-stuttgart.de\/stammheim\/wp-json\/wp\/v2\/pages\/689\/revisions"}],"predecessor-version":[{"id":799,"href":"https:\/\/gruene-ov-stuttgart.de\/stammheim\/wp-json\/wp\/v2\/pages\/689\/revisions\/799"}],"wp:attachment":[{"href":"https:\/\/gruene-ov-stuttgart.de\/stammheim\/wp-json\/wp\/v2\/media?parent=689"}],"curies":[{"name":"wp","href":"https:\/\/api.w.org\/{rel}","templated":true}]}}