{"id":1018,"date":"2024-03-27T22:00:53","date_gmt":"2024-03-27T21:00:53","guid":{"rendered":"https:\/\/gruene-ov-stuttgart.de\/sued\/?page_id=1018"},"modified":"2024-03-28T20:32:37","modified_gmt":"2024-03-28T19:32:37","slug":"reinhard-otter-listenplatz-26","status":"publish","type":"page","link":"https:\/\/gruene-ov-stuttgart.de\/sued\/wahl-2024\/sued-kandis-24\/reinhard-otter-listenplatz-26\/","title":{"rendered":"Reinhard Otter &#8211; Platz 26"},"content":{"rendered":"\n<p>Der Kandidat f\u00fcr den Gemeinderat lebt seit \u00fcber 15 Jahren im S\u00fcden. Er ist seit 2019 Mitglied des Bezirksbeirats, stellvertretender Bezirksvorsteher von Stuttgart-S\u00fcd und kandidiert auf Platz 26 der Gr\u00fcnen-Wahlliste.<\/p>\n\n\n\n<h3 class=\"wp-block-heading\">Steckbrief<\/h3>\n\n\n\n<ul>\n<li>Pers\u00f6nliches: 54 Jahre, verheiratet, eine erwachsene Tochter<\/li>\n\n\n\n<li>Zwischen Lehenviertel und Bopser&nbsp;zu Hause<\/li>\n\n\n\n<li>Dipl. Ing (BA) Elektrotechnik, Technik-Journalist, Digitalisierungs-Netzwerker<\/li>\n<\/ul>\n\n\n\n<p><strong>Engagements und Mitgliedschaften:&nbsp;<\/strong><\/p>\n\n\n\n<ul>\n<li>Bezirksbeirat Stuttgart-S\u00fcd \/ stellv. Bezirksvorsteher<\/li>\n\n\n\n<li>Freundeskreis Fl\u00fcchtlinge Stuttgart-S\u00fcd&nbsp;<\/li>\n\n\n\n<li>Initiator von Keller 5 &#8211; die offene Fahrradwerkstatt<\/li>\n\n\n\n<li>im Vorstand des OpenBikeSensor e.V.&nbsp;<\/li>\n\n\n\n<li>Unterst\u00fctzer von Zweirat Stuttgart, Kidical Mass<\/li>\n\n\n\n<li>Mitglied im ADFC Stuttgart<\/li>\n\n\n\n<li>Aktiv im Solarscout-Netzwerk<\/li>\n<\/ul>\n\n\n\n<p><strong>Hobbys und Interessen<\/strong><\/p>\n\n\n\n<ul>\n<li>Rad- und Wanderreisen<\/li>\n\n\n\n<li>Rennradfahren<\/li>\n\n\n\n<li>Theater und Konzerte in Stuttgart<\/li>\n<\/ul>\n\n\n\n<h3 class=\"wp-block-heading\">Das Interview<\/h3>\n\n\n\n<p><em>Wie bist Du zur Kommunalpolitik gekommen? Wof\u00fcr und weshalb kandidierst Du?<\/em><\/p>\n\n\n\n<p>Gesellschaftlich und politisch interessiert war ich schon immer: Ab etwa 15 aktiv als Jugendleiter, sp\u00e4ter im Stadtjugendring Ditzingen. In Stuttgart kam ich durch die Entscheidungen und die Diskussionen um Stuttgart 21 n\u00e4her an die Kommunalpolitik heran. Lokal aktiv wurde ich schlie\u00dflich \u00fcber das Engagement f\u00fcr Gefl\u00fcchtete ab 2014 und auch durch meine Ungeduld rund um die Verkehrswende in der Stadt &#8211; in der Gesellschaft ist der Wille zur Ver\u00e4nderung zu sp\u00fcren, doch es dauert alles viel zu lang. Irgendwann haben mich Gr\u00fcne im S\u00fcden gefragt, ob ich im Bezirksbeirat mitwirken m\u00f6chte? So kam ich in die Kommunalpolitik, die mir viel Freude macht und tolle Einblicke in das Stadtleben erm\u00f6glicht. Einen so niederschwelligen Einstieg kann ich nur weiterempfehlen und so viele Menschen zum Mitmachen anregen &#8211; erstmal auch unabh\u00e4ngig von der jeweiligen Partei. Ich selbst bin den Gr\u00fcnen erst 2019, kurz vor meiner Wahl in den Bezirksbeirat beigetreten. Auch das war eine gut Entscheidung. <\/p>\n\n\n\n<p><em>Wof\u00fcr interessierst Du Dich sonst in der Stadt \u2013 und besonders im Stuttgarter S\u00fcden?<\/em><\/p>\n\n\n\n<p>Die Mobilit\u00e4t und das Ziel, immer mehr Menschen klimaneutral zu bewegen, treibt uns vermutlich alle um. Daf\u00fcr will ich mich auf jeden Fall einsetzen. Doch als Elektroingenieur sind f\u00fcr mich die klimafreundliche Strom- und W\u00e4rmeversorgung mit die wichtigsten Themen in unserer Stadt. Da haben wir mit dem Ziel der Klimaneutralit\u00e4t 2035 eine gro\u00dfe Aufgabe, bei wir der die gesamte Stadtgesellschaft mitnehmen m\u00fcssen \u2013 mit Beratung, Aufkl\u00e4rung und attraktiven F\u00f6rderm\u00f6glichkeiten.&nbsp;Und da haben wir eine Aufgabe, bei der wirklich jede und jeder etwas tun kann &#8211; vom Balkonkraftwerk \u00fcber energetische Sanierungen und PV-D\u00e4cher bis zur W\u00e4rmeversorgung im Quartier.<\/p>\n\n\n\n<p><em>Gew\u00e4hlte sollen sich mit eigenen F\u00e4higkeiten und Erfahrungen im Gemeinderat einbringen. F\u00fcr welche Themen stehst Du?<\/em><\/p>\n\n\n\n<p>Als Ingenieur und langj\u00e4hriger Technikjournalist mit Berufserfahrungen in Industrie, Medienbranche und als Selbstst\u00e4ndiger m\u00f6chte ich vor allem zu m\u00f6glichst viel Praxisbezug in kommunalen Entscheidungen beitragen \u2013 und, dass die oft komplexen Themen m\u00f6glichst einfach verst\u00e4ndlich kommuniziert werden. Dank meiner Erfahrungen aus den b\u00fcrgerschaftlichen Engagements z.B. im Freundeskreis Fl\u00fcchtlinge, in Mobilit\u00e4ts-Initiativen oder in der Fahrradwerkstatt Keller 5 bringe ich auch unz\u00e4hlige Kontakte mit glaube, dass ich ein recht gutes Gesp\u00fcr f\u00fcr die Bed\u00fcrfnisse der Zivilgesellschaft habe.<\/p>\n\n\n\n<p><em>Wo siehst Du unsere Stadt und Deinen Stadtteil in 5 bis 10 Jahren und wie willst Du Dich daf\u00fcr einsetzen?<\/em><\/p>\n\n\n\n<p>Wir m\u00fcssen unsere Stadt und uns als B\u00fcrgerinnen und B\u00fcrger vor k\u00fcnftigen Hitzewellen, Trockenheit und andere Extremen sch\u00fctzen. \u201eSchwammstadt\u201c ist f\u00fcr mich keine Phrase. Wir m\u00fcssen kurzfristig mehr Fl\u00e4chen entsiegeln, neue Trinkbrunnen bauen, Schatten spendende B\u00e4ume im Stra\u00dfenraum pflanzen und den Schutz gegen Hochwasser und Starkregen verbessern. Ich setze mich daf\u00fcr ein, dass wir daf\u00fcr platzsparende, geteilte Mobilit\u00e4tsformen weiter f\u00f6rdern und dadurch frei werdende \u00f6ffentliche R\u00e4ume entsprechend der Ziele umnutzen und bin guter Dinge, dass wir das in den n\u00e4chsten Jahren auch sehen werden. Ein starkes Beispiel daf\u00fcr ist das Projekt \u201eKlein List\u201c &#8211; wenn auch nur eines von vielen, die wir brauchen. F\u00fcr das Projekt mache ich mich seit ein paar Jahren stark. Und ich glaube fest daran, dass Stuttgart eine Stadtgesellschaft hat, die bei der Energiewende, beim Begr\u00fcnen und bei der Kinder- und menschenfreundlicheren Gestaltung des \u00f6ffentlichen Raums mit mehr Gr\u00fcn, B\u00e4nken und Spielfl\u00e4chen Lust hat, aktiv mitzugestalten. Da m\u00f6chte ich mich f\u00fcr mehr M\u00f6glichkeiten einfacher und unb\u00fcrokratischer Beteiligung einsetzen &#8211; gern auch mit digitalen Tools.<\/p>\n\n\n\n<p><em>Und zu guter Letzt, weil uns das in unserer Stadt so oft umtreibt: Beschreibe Deine allt\u00e4glichen Wege \u2013 wie bist Du unterwegs und f\u00fcr welche Verbesserungen bist Du zu haben?<\/em><\/p>\n\n\n\n<p>Seit 8 Jahren bin ich im Alltag meist mit dem Rad, mit dem Lastenrad oder zu Fu\u00df unterwegs. Bei Regen, zu Gesch\u00e4ftsterminen und sonst auf weiteren Strecken fahre ich mit Bus und Bahn, was seit dem DE-Ticket nicht nur recht bequem, sondern auch superg\u00fcnstig ist. F\u00fcr Spezialf\u00e4lle nutze ich das hervorragende Carsharing-Angebot in Stuttgart, in dem ich mich allerdings f\u00fcr bessere Rahmenbedingungen f\u00fcr geteilte E-Autos einsetzen w\u00fcrde. In der Innenstadt, wo ich lebe, geh\u00f6rt dieser Mobilit\u00e4tsmix schon zum Mainstream, wenn ich die Lastenrad-Taxis vor den Kitas oder den Fuhrpark an vielen B\u00fcrogeb\u00e4uden anschaue. Ein Ziel sollte sein, diese Mobilit\u00e4ts-Angebote auch in den \u00e4u\u00dferen Stadtbezirken zu f\u00f6rdern und immer besser auszubauen.<\/p>\n\n\n\n<p><a href=\"https:\/\/gruene-ov-stuttgart.de\/sued\/wahl-2024\/sued-kandis-24\/\">Zur\u00fcck zur Kandidatenliste<\/a><\/p>\n","protected":false},"excerpt":{"rendered":"<p>Reinhard Otter kandidiert f\u00fcr den Gemeindera. Er lebt seit \u00fcber 15 Jahren im S\u00fcden und ist seit 2019 Mitglied des Bezirksbeirats sowie stellvertretender Bezirksvorsteher in Stuttgart-S\u00fcd.<\/p>\n","protected":false},"author":2,"featured_media":1020,"parent":972,"menu_order":0,"comment_status":"closed","ping_status":"closed","template":"","meta":{"footnotes":""},"_links":{"self":[{"href":"https:\/\/gruene-ov-stuttgart.de\/sued\/wp-json\/wp\/v2\/pages\/1018"}],"collection":[{"href":"https:\/\/gruene-ov-stuttgart.de\/sued\/wp-json\/wp\/v2\/pages"}],"about":[{"href":"https:\/\/gruene-ov-stuttgart.de\/sued\/wp-json\/wp\/v2\/types\/page"}],"author":[{"embeddable":true,"href":"https:\/\/gruene-ov-stuttgart.de\/sued\/wp-json\/wp\/v2\/users\/2"}],"replies":[{"embeddable":true,"href":"https:\/\/gruene-ov-stuttgart.de\/sued\/wp-json\/wp\/v2\/comments?post=1018"}],"version-history":[{"count":6,"href":"https:\/\/gruene-ov-stuttgart.de\/sued\/wp-json\/wp\/v2\/pages\/1018\/revisions"}],"predecessor-version":[{"id":1031,"href":"https:\/\/gruene-ov-stuttgart.de\/sued\/wp-json\/wp\/v2\/pages\/1018\/revisions\/1031"}],"up":[{"embeddable":true,"href":"https:\/\/gruene-ov-stuttgart.de\/sued\/wp-json\/wp\/v2\/pages\/972"}],"wp:featuredmedia":[{"embeddable":true,"href":"https:\/\/gruene-ov-stuttgart.de\/sued\/wp-json\/wp\/v2\/media\/1020"}],"wp:attachment":[{"href":"https:\/\/gruene-ov-stuttgart.de\/sued\/wp-json\/wp\/v2\/media?parent=1018"}],"curies":[{"name":"wp","href":"https:\/\/api.w.org\/{rel}","templated":true}]}}