{"id":81,"date":"2016-05-16T21:48:44","date_gmt":"2016-05-16T19:48:44","guid":{"rendered":"http:\/\/gruene-ov-stuttgart.de\/sued\/?page_id=81"},"modified":"2025-01-01T16:20:02","modified_gmt":"2025-01-01T15:20:02","slug":"termine","status":"publish","type":"page","link":"https:\/\/gruene-ov-stuttgart.de\/sued\/termine\/","title":{"rendered":"Termine"},"content":{"rendered":"\n<p>Hier finden Sie die Termine des Gr\u00fcnen Ortsverbands in Stuttgart-S\u00fcd und der Fraktion der Gr\u00fcnen im Bezirksbeirat Stuttgart-S\u00fcd. <\/p>\n\n\n\t\t\t\n\t\t\t\n\t\n","protected":false},"excerpt":{"rendered":"<p>Hier finden Sie die Termine des Gr\u00fcnen Ortsverbands in Stuttgart-S\u00fcd und der Fraktion der Gr\u00fcnen im Bezirksbeirat Stuttgart-S\u00fcd.<\/p>\n","protected":false},"author":2,"featured_media":0,"parent":0,"menu_order":4,"comment_status":"closed","ping_status":"closed","template":"","meta":{"footnotes":""},"_links":{"self":[{"href":"https:\/\/gruene-ov-stuttgart.de\/sued\/wp-json\/wp\/v2\/pages\/81"}],"collection":[{"href":"https:\/\/gruene-ov-stuttgart.de\/sued\/wp-json\/wp\/v2\/pages"}],"about":[{"href":"https:\/\/gruene-ov-stuttgart.de\/sued\/wp-json\/wp\/v2\/types\/page"}],"author":[{"embeddable":true,"href":"https:\/\/gruene-ov-stuttgart.de\/sued\/wp-json\/wp\/v2\/users\/2"}],"replies":[{"embeddable":true,"href":"https:\/\/gruene-ov-stuttgart.de\/sued\/wp-json\/wp\/v2\/comments?post=81"}],"version-history":[{"count":3,"href":"https:\/\/gruene-ov-stuttgart.de\/sued\/wp-json\/wp\/v2\/pages\/81\/revisions"}],"predecessor-version":[{"id":1169,"href":"https:\/\/gruene-ov-stuttgart.de\/sued\/wp-json\/wp\/v2\/pages\/81\/revisions\/1169"}],"wp:attachment":[{"href":"https:\/\/gruene-ov-stuttgart.de\/sued\/wp-json\/wp\/v2\/media?parent=81"}],"curies":[{"name":"wp","href":"https:\/\/api.w.org\/{rel}","templated":true}]}}