{"id":1278,"date":"2024-01-29T14:30:04","date_gmt":"2024-01-29T13:30:04","guid":{"rendered":"https:\/\/gruene-ov-stuttgart.de\/west\/?page_id=1278"},"modified":"2024-02-02T11:21:12","modified_gmt":"2024-02-02T10:21:12","slug":"das-sind-wir","status":"publish","type":"page","link":"https:\/\/gruene-ov-stuttgart.de\/west\/das-sind-wir\/","title":{"rendered":"Das sind wir"},"content":{"rendered":"\n<p>Wir sind die Gr\u00fcnen in Stuttgart West und wir sind hier f\u00fcr euch. Unsere Arbeit im Westen ist genau so vielf\u00e4ltig und bunt wie Ihr es seid! Was wir tun, wof\u00fcr wir stehen und wer wir sind, das wollen wir euch hier zeigen.<\/p>\n","protected":false},"excerpt":{"rendered":"<p>Wir sind die Gr\u00fcnen in Stuttgart West und wir sind hier f\u00fcr euch. Unsere Arbeit im Westen ist genau so vielf\u00e4ltig und bunt wie Ihr es seid! Was wir tun, [&hellip;]<\/p>\n","protected":false},"author":14,"featured_media":0,"parent":0,"menu_order":0,"comment_status":"closed","ping_status":"closed","template":"","meta":{"footnotes":"","beyondwords_generate_audio":"","beyondwords_integration_method":"","beyondwords_project_id":"","beyondwords_content_id":"","beyondwords_preview_token":"","beyondwords_player_content":"","beyondwords_player_style":"","beyondwords_language_code":"","beyondwords_language_id":"","beyondwords_title_voice_id":"","beyondwords_body_voice_id":"","beyondwords_summary_voice_id":"","beyondwords_error_message":"","beyondwords_disabled":"","beyondwords_delete_content":"","beyondwords_podcast_id":"","beyondwords_hash":"","publish_post_to_speechkit":"","speechkit_hash":"","speechkit_generate_audio":"","speechkit_project_id":"","speechkit_podcast_id":"","speechkit_error_message":"","speechkit_disabled":"","speechkit_access_key":"","speechkit_error":"","speechkit_info":"","speechkit_response":"","speechkit_retries":"","speechkit_status":"","speechkit_updated_at":"","_speechkit_link":"","_speechkit_text":""},"class_list":["post-1278","page","type-page","status-publish","hentry"],"yoast_head":"<!-- This site is optimized with the Yoast SEO plugin v27.5 - https:\/\/yoast.com\/product\/yoast-seo-wordpress\/ -->\n<title>Das sind wir - Gr\u00fcne Stuttgart West<\/title>\n<meta name=\"robots\" content=\"index, follow, max-snippet:-1, max-image-preview:large, max-video-preview:-1\" \/>\n<link rel=\"canonical\" href=\"https:\/\/gruene-ov-stuttgart.de\/west\/das-sind-wir\/\" \/>\n<meta property=\"og:locale\" content=\"de_DE\" \/>\n<meta property=\"og:type\" content=\"article\" \/>\n<meta property=\"og:title\" content=\"Das sind wir - Gr\u00fcne Stuttgart West\" \/>\n<meta property=\"og:description\" content=\"Wir sind die Gr\u00fcnen in Stuttgart West und wir sind hier f\u00fcr euch. Unsere Arbeit im Westen ist genau so vielf\u00e4ltig und bunt wie Ihr es seid! Was wir tun, [&hellip;]\" \/>\n<meta property=\"og:url\" content=\"https:\/\/gruene-ov-stuttgart.de\/west\/das-sind-wir\/\" \/>\n<meta property=\"og:site_name\" content=\"Gr\u00fcne Stuttgart West\" \/>\n<meta property=\"article:modified_time\" content=\"2024-02-02T10:21:12+00:00\" \/>\n<meta name=\"twitter:card\" content=\"summary_large_image\" \/>\n<script type=\"application\/ld+json\" class=\"yoast-schema-graph\">{\"@context\":\"https:\\\/\\\/schema.org\",\"@graph\":[{\"@type\":\"WebPage\",\"@id\":\"https:\\\/\\\/gruene-ov-stuttgart.de\\\/west\\\/das-sind-wir\\\/\",\"url\":\"https:\\\/\\\/gruene-ov-stuttgart.de\\\/west\\\/das-sind-wir\\\/\",\"name\":\"Das sind wir - Gr\u00fcne Stuttgart West\",\"isPartOf\":{\"@id\":\"https:\\\/\\\/gruene-ov-stuttgart.de\\\/west\\\/#website\"},\"datePublished\":\"2024-01-29T13:30:04+00:00\",\"dateModified\":\"2024-02-02T10:21:12+00:00\",\"breadcrumb\":{\"@id\":\"https:\\\/\\\/gruene-ov-stuttgart.de\\\/west\\\/das-sind-wir\\\/#breadcrumb\"},\"inLanguage\":\"de\",\"potentialAction\":[{\"@type\":\"ReadAction\",\"target\":[\"https:\\\/\\\/gruene-ov-stuttgart.de\\\/west\\\/das-sind-wir\\\/\"]}]},{\"@type\":\"BreadcrumbList\",\"@id\":\"https:\\\/\\\/gruene-ov-stuttgart.de\\\/west\\\/das-sind-wir\\\/#breadcrumb\",\"itemListElement\":[{\"@type\":\"ListItem\",\"position\":1,\"name\":\"Startseite\",\"item\":\"https:\\\/\\\/gruene-ov-stuttgart.de\\\/west\\\/\"},{\"@type\":\"ListItem\",\"position\":2,\"name\":\"Das sind wir\"}]},{\"@type\":\"WebSite\",\"@id\":\"https:\\\/\\\/gruene-ov-stuttgart.de\\\/west\\\/#website\",\"url\":\"https:\\\/\\\/gruene-ov-stuttgart.de\\\/west\\\/\",\"name\":\"Gr\u00fcne Stuttgart West\",\"description\":\"B\u00fcndnis 90\\\/DIE GR\u00dcNEN im Stuttgarter Westen\",\"potentialAction\":[{\"@type\":\"SearchAction\",\"target\":{\"@type\":\"EntryPoint\",\"urlTemplate\":\"https:\\\/\\\/gruene-ov-stuttgart.de\\\/west\\\/?s={search_term_string}\"},\"query-input\":{\"@type\":\"PropertyValueSpecification\",\"valueRequired\":true,\"valueName\":\"search_term_string\"}}],\"inLanguage\":\"de\"}]}<\/script>\n<!-- \/ Yoast SEO plugin. -->","yoast_head_json":{"title":"Das sind wir - Gr\u00fcne Stuttgart West","robots":{"index":"index","follow":"follow","max-snippet":"max-snippet:-1","max-image-preview":"max-image-preview:large","max-video-preview":"max-video-preview:-1"},"canonical":"https:\/\/gruene-ov-stuttgart.de\/west\/das-sind-wir\/","og_locale":"de_DE","og_type":"article","og_title":"Das sind wir - Gr\u00fcne Stuttgart West","og_description":"Wir sind die Gr\u00fcnen in Stuttgart West und wir sind hier f\u00fcr euch. Unsere Arbeit im Westen ist genau so vielf\u00e4ltig und bunt wie Ihr es seid! Was wir tun, [&hellip;]","og_url":"https:\/\/gruene-ov-stuttgart.de\/west\/das-sind-wir\/","og_site_name":"Gr\u00fcne Stuttgart West","article_modified_time":"2024-02-02T10:21:12+00:00","twitter_card":"summary_large_image","schema":{"@context":"https:\/\/schema.org","@graph":[{"@type":"WebPage","@id":"https:\/\/gruene-ov-stuttgart.de\/west\/das-sind-wir\/","url":"https:\/\/gruene-ov-stuttgart.de\/west\/das-sind-wir\/","name":"Das sind wir - Gr\u00fcne Stuttgart West","isPartOf":{"@id":"https:\/\/gruene-ov-stuttgart.de\/west\/#website"},"datePublished":"2024-01-29T13:30:04+00:00","dateModified":"2024-02-02T10:21:12+00:00","breadcrumb":{"@id":"https:\/\/gruene-ov-stuttgart.de\/west\/das-sind-wir\/#breadcrumb"},"inLanguage":"de","potentialAction":[{"@type":"ReadAction","target":["https:\/\/gruene-ov-stuttgart.de\/west\/das-sind-wir\/"]}]},{"@type":"BreadcrumbList","@id":"https:\/\/gruene-ov-stuttgart.de\/west\/das-sind-wir\/#breadcrumb","itemListElement":[{"@type":"ListItem","position":1,"name":"Startseite","item":"https:\/\/gruene-ov-stuttgart.de\/west\/"},{"@type":"ListItem","position":2,"name":"Das sind wir"}]},{"@type":"WebSite","@id":"https:\/\/gruene-ov-stuttgart.de\/west\/#website","url":"https:\/\/gruene-ov-stuttgart.de\/west\/","name":"Gr\u00fcne Stuttgart West","description":"B\u00fcndnis 90\/DIE GR\u00dcNEN im Stuttgarter Westen","potentialAction":[{"@type":"SearchAction","target":{"@type":"EntryPoint","urlTemplate":"https:\/\/gruene-ov-stuttgart.de\/west\/?s={search_term_string}"},"query-input":{"@type":"PropertyValueSpecification","valueRequired":true,"valueName":"search_term_string"}}],"inLanguage":"de"}]}},"_links":{"self":[{"href":"https:\/\/gruene-ov-stuttgart.de\/west\/wp-json\/wp\/v2\/pages\/1278","targetHints":{"allow":["GET"]}}],"collection":[{"href":"https:\/\/gruene-ov-stuttgart.de\/west\/wp-json\/wp\/v2\/pages"}],"about":[{"href":"https:\/\/gruene-ov-stuttgart.de\/west\/wp-json\/wp\/v2\/types\/page"}],"author":[{"embeddable":true,"href":"https:\/\/gruene-ov-stuttgart.de\/west\/wp-json\/wp\/v2\/users\/14"}],"replies":[{"embeddable":true,"href":"https:\/\/gruene-ov-stuttgart.de\/west\/wp-json\/wp\/v2\/comments?post=1278"}],"version-history":[{"count":3,"href":"https:\/\/gruene-ov-stuttgart.de\/west\/wp-json\/wp\/v2\/pages\/1278\/revisions"}],"predecessor-version":[{"id":1352,"href":"https:\/\/gruene-ov-stuttgart.de\/west\/wp-json\/wp\/v2\/pages\/1278\/revisions\/1352"}],"wp:attachment":[{"href":"https:\/\/gruene-ov-stuttgart.de\/west\/wp-json\/wp\/v2\/media?parent=1278"}],"curies":[{"name":"wp","href":"https:\/\/api.w.org\/{rel}","templated":true}]}}

<p>Wir sind die Grünen in Stuttgart West und wir sind hier für euch. Unsere Arbeit im Westen ist genau so vielfältig und bunt wie Ihr es seid! Was wir tun, wofür wir stehen und wer wir sind, das wollen wir euch hier zeigen.</p>

<p>Wir sind die Grünen in Stuttgart West und wir sind hier für euch. Unsere Arbeit im Westen ist genau so vielfältig und bunt wie Ihr es seid! Was wir tun, [&hellip;]</p>

<!-- This site is optimized with the Yoast SEO plugin v27.5 - https://yoast.com/product/yoast-seo-wordpress/ -->
<title>Das sind wir - Grüne Stuttgart West</title>
<meta name="robots" content="index, follow, max-snippet:-1, max-image-preview:large, max-video-preview:-1" />
<link rel="canonical" href="https://gruene-ov-stuttgart.de/west/das-sind-wir/" />
<meta property="og:locale" content="de_DE" />
<meta property="og:type" content="article" />
<meta property="og:title" content="Das sind wir - Grüne Stuttgart West" />
<meta property="og:description" content="Wir sind die Grünen in Stuttgart West und wir sind hier für euch. Unsere Arbeit im Westen ist genau so vielfältig und bunt wie Ihr es seid! Was wir tun, [&hellip;]" />
<meta property="og:url" content="https://gruene-ov-stuttgart.de/west/das-sind-wir/" />
<meta property="og:site_name" content="Grüne Stuttgart West" />
<meta property="article:modified_time" content="2024-02-02T10:21:12+00:00" />
<meta name="twitter:card" content="summary_large_image" />
<script type="application/ld+json" class="yoast-schema-graph">{"@context":"https:\/\/schema.org","@graph":[{"@type":"WebPage","@id":"https:\/\/gruene-ov-stuttgart.de\/west\/das-sind-wir\/","url":"https:\/\/gruene-ov-stuttgart.de\/west\/das-sind-wir\/","name":"Das sind wir - Grüne Stuttgart West","isPartOf":{"@id":"https:\/\/gruene-ov-stuttgart.de\/west\/#website"},"datePublished":"2024-01-29T13:30:04+00:00","dateModified":"2024-02-02T10:21:12+00:00","breadcrumb":{"@id":"https:\/\/gruene-ov-stuttgart.de\/west\/das-sind-wir\/#breadcrumb"},"inLanguage":"de","potentialAction":[{"@type":"ReadAction","target":["https:\/\/gruene-ov-stuttgart.de\/west\/das-sind-wir\/"]}]},{"@type":"BreadcrumbList","@id":"https:\/\/gruene-ov-stuttgart.de\/west\/das-sind-wir\/#breadcrumb","itemListElement":[{"@type":"ListItem","position":1,"name":"Startseite","item":"https:\/\/gruene-ov-stuttgart.de\/west\/"},{"@type":"ListItem","position":2,"name":"Das sind wir"}]},{"@type":"WebSite","@id":"https:\/\/gruene-ov-stuttgart.de\/west\/#website","url":"https:\/\/gruene-ov-stuttgart.de\/west\/","name":"Grüne Stuttgart West","description":"Bündnis 90\/DIE GRÜNEN im Stuttgarter Westen","potentialAction":[{"@type":"SearchAction","target":{"@type":"EntryPoint","urlTemplate":"https:\/\/gruene-ov-stuttgart.de\/west\/?s={search_term_string}"},"query-input":{"@type":"PropertyValueSpecification","valueRequired":true,"valueName":"search_term_string"}}],"inLanguage":"de"}]}</script>
<!-- / Yoast SEO plugin. -->

Das sind wir - Grüne Stuttgart West

Wir sind die Grünen in Stuttgart West und wir sind hier für euch. Unsere Arbeit im Westen ist genau so vielfältig und bunt wie Ihr es seid! Was wir tun, [&hellip;]

Grüne Stuttgart West

Bündnis 90/DIE GRÜNEN im Stuttgarter Westen
