{"id":1318,"date":"2024-02-01T11:38:20","date_gmt":"2024-02-01T10:38:20","guid":{"rendered":"https:\/\/gruene-ov-stuttgart.de\/west\/?page_id=1318"},"modified":"2024-09-01T07:51:49","modified_gmt":"2024-09-01T05:51:49","slug":"die-augustenstrasse-wird-zum-superblock","status":"publish","type":"page","link":"https:\/\/gruene-ov-stuttgart.de\/west\/gruen-wirkt\/die-augustenstrasse-wird-zum-superblock\/","title":{"rendered":"Die Augustenstra\u00dfe ist Stuttgarts erster Superblock"},"content":{"rendered":"<div class=\"wp-block-post-date__modified-date has-text-align-right wp-block-post-date\"><time datetime=\"2024-09-01T07:51:49+02:00\">1. September 2024<\/time><\/div>\n\n\n<p><\/p>\n\n\n\n<p>Endlich ist es so weit: Am 4. Juni startete ganz offiziell der <a href=\"https:\/\/www.buergerbeteiligung-stuttgart.de\/stadtentwicklung\/superblock-augustenstrasse\/\" target=\"_blank\" rel=\"noreferrer noopener\">Verkehrsversuch<\/a>, mit dem der erste Superblock in Stuttgart eingerichtet wird. Damit wird die Augustenstra\u00dfe in Stuttgart-West f\u00fcr mindestens 18 Monate sch\u00f6ner, lebendiger und gr\u00fcner. Eine umfassende B\u00fcrgerbeteiligung und wissenschaftliche Begleitung stellen sicher, dass sich der Superblock an die Bed\u00fcrfnisse vor Ort anpasst.<br><br>Der Verkehrsversuch umfasst die Augustenstra\u00dfe zwischen der Schwab- und der Silberburgstra\u00dfe sowie alle dazwischenliegenden Querstra\u00dfen begrenzt durch die Reinsburg- und die Roteb\u00fchlstra\u00dfe. Das Projekt, das aus einer <a href=\"https:\/\/www.superblock-west.de\/\" target=\"_blank\" rel=\"noreferrer noopener\">Initiative von Anwohnern<\/a> heraus entstand, zielt darauf ab, langfristig auch durch bauliche Ver\u00e4nderungen den Bereich um die Augustenstra\u00dfe aufzuwerten.<\/p>\n\n\n\n<blockquote class=\"wp-block-quote is-style-default has-medium-font-size is-layout-flow wp-block-quote-is-layout-flow\" style=\"font-style:normal;font-weight:600\">\n<figure class=\"wp-block-image alignright size-full is-resized is-style-rounded\"><img loading=\"lazy\" decoding=\"async\" width=\"203\" height=\"203\" src=\"https:\/\/gruene-ov-stuttgart.de\/west\/wp-content\/uploads\/2024\/02\/20230322_171025_MarcelRoth-kl-squ-e1707495393690.jpg\" alt=\"\" class=\"wp-image-1480\" style=\"width:178px;height:auto\" srcset=\"https:\/\/gruene-ov-stuttgart.de\/west\/wp-content\/uploads\/2024\/02\/20230322_171025_MarcelRoth-kl-squ-e1707495393690.jpg 203w, https:\/\/gruene-ov-stuttgart.de\/west\/wp-content\/uploads\/2024\/02\/20230322_171025_MarcelRoth-kl-squ-e1707495393690-150x150.jpg 150w\" sizes=\"auto, (max-width: 203px) 100vw, 203px\" \/><\/figure>\n\n\n\n<blockquote class=\"wp-block-quote has-text-align-right is-style-large is-style-plain has-small-font-size is-layout-flow wp-block-quote-is-layout-flow\" style=\"font-style:normal;font-weight:600\">\n<p class=\"has-text-align-right has-medium-font-size\">In den letzten Jahren haben wir Gr\u00fcne im Rathaus und im Bezirksbeirat f\u00fcr einen gr\u00fcneren und lebendigeren Stuttgarter Westen geackert. Mit dem Superblock nehmen wir eine gute Idee aus Barcelona auf.<\/p>\n<cite>\u2013 <a href=\"https:\/\/gruene-ov-stuttgart.de\/west\/kommunalwahlen-2024\/marcel-roth\/\">Marcel Roth<\/a>, Stadtrat seit 2019<\/cite><\/blockquote>\n<\/blockquote>\n\n\n\n<h1 class=\"wp-block-heading\">Was wird konkret gemacht?<\/h1>\n\n\n\n<p>Momentan steht in dem rund 1 km langen Stra\u00dfenabschnitt kein einziger Baum. Der \u00f6ffentliche Raum, der eigentlich f\u00fcr alle da sein sollte, wird \u00fcberwiegend von parkenden Autos belegt. Und viele Autos nutzen die Augustenstra\u00dfe und ihre Querstra\u00dfen als Abk\u00fcrzung \u2013 zu Lasten der Anwohnerinnen und Anwohner und der Aufenthaltsqualit\u00e4t. <\/p>\n\n\n\n<figure class=\"wp-block-image alignleft size-large is-resized\"><img loading=\"lazy\" decoding=\"async\" width=\"884\" height=\"770\" src=\"https:\/\/gruene-ov-stuttgart.de\/west\/wp-content\/uploads\/2024\/02\/image.png\" alt=\"\" class=\"wp-image-1330\" style=\"width:318px;height:auto\" srcset=\"https:\/\/gruene-ov-stuttgart.de\/west\/wp-content\/uploads\/2024\/02\/image.png 884w, https:\/\/gruene-ov-stuttgart.de\/west\/wp-content\/uploads\/2024\/02\/image-400x348.png 400w, https:\/\/gruene-ov-stuttgart.de\/west\/wp-content\/uploads\/2024\/02\/image-800x697.png 800w, https:\/\/gruene-ov-stuttgart.de\/west\/wp-content\/uploads\/2024\/02\/image-768x669.png 768w\" sizes=\"auto, (max-width: 884px) 100vw, 884px\" \/><\/figure>\n\n\n\n<p>Das wird sich nun \u00e4ndern: Die vier Kreuzungen wurden jeweils in der Mitte diagonal durch Poller geteilt. Autos, Lieferw\u00e4gen und Einsatzfahrzeuge k\u00f6nnen weiterhin jedes Haus erreichen, aber nicht mehr durch den Superblock durchfahren. Dadurch wird es sicherer, die Kreuzungen zu \u00fcberqueren und an den Seiten entsteht Platz f\u00fcr B\u00e4ume. Fahrr\u00e4der k\u00f6nnen weiterhin die Kreuzungen durchqueren und alle Stra\u00dfen in beide Richtungen durchfahren.<\/p>\n\n\n\n<p>Durch den Umbau fallen insgesamt weniger als 20 Parkpl\u00e4tze weg. Daf\u00fcr entstehen neue Aufenthaltsfl\u00e4chen, Platz f\u00fcr Au\u00dfengastronomie, <a href=\"https:\/\/de.wikipedia.org\/wiki\/Parklet\" target=\"_blank\" rel=\"noreferrer noopener\">Parklets aus Holz<\/a> und schattenspendende Gartenelemente. Zugunsten einer nachhaltigen Mobilit\u00e4t entstehen f\u00fcnf Carsharing-Stellpl\u00e4tze und zahlreiche Fahrrad- und Lastenradb\u00fcgel.<\/p>\n\n\n\n<figure class=\"wp-block-image alignleft size-full is-resized is-style-rounded\"><img loading=\"lazy\" decoding=\"async\" width=\"200\" height=\"200\" src=\"https:\/\/gruene-ov-stuttgart.de\/west\/wp-content\/uploads\/2024\/02\/Sebastian-kl-squ.jpg\" alt=\"\" class=\"wp-image-1493\" style=\"width:178px;height:auto\" srcset=\"https:\/\/gruene-ov-stuttgart.de\/west\/wp-content\/uploads\/2024\/02\/Sebastian-kl-squ.jpg 200w, https:\/\/gruene-ov-stuttgart.de\/west\/wp-content\/uploads\/2024\/02\/Sebastian-kl-squ-150x150.jpg 150w\" sizes=\"auto, (max-width: 200px) 100vw, 200px\" \/><\/figure>\n\n\n\n<blockquote class=\"wp-block-quote is-style-default has-medium-font-size is-layout-flow wp-block-quote-is-layout-flow\" style=\"font-style:normal;font-weight:600\">\n<blockquote class=\"wp-block-quote has-text-align-left is-style-large is-style-plain has-small-font-size is-layout-flow wp-block-quote-is-layout-flow\" style=\"font-style:normal;font-weight:600\">\n<p class=\"has-text-align-left has-medium-font-size\">Im Superblock zeigen wir, dass Stra\u00dfen mehr sein k\u00f6nnen als eine Abstellfl\u00e4che f\u00fcr Autos. Mit der Umgestaltung dieses \u00f6ffentlichen Raums erh\u00f6hen wir die Lebensqualit\u00e4t aller, die sich regelm\u00e4\u00dfig im Superblock aufhalten.<\/p>\n<cite>&#8211; <a href=\"https:\/\/gruene-ov-stuttgart.de\/west\/kommunalwahlen-2024\/dr-sebastian-karl\/\">Sebastian Karl<\/a>, Bezirksbeirat, Mitglied der Anwohnerinitiative und Kandidat f\u00fcr den Gemeinderat<\/cite><\/blockquote>\n<\/blockquote>\n\n\n\n<p>Dank uns werden weitere 20 B\u00e4ume in Tr\u00f6gen aufgestellt. Das ist ein wichtiger Zwischenschritt \u2013 langfristig stellen wir uns nat\u00fcrlich entsiegelte Fl\u00e4chen mit B\u00e4umen in der Erde vor. Da sich aber unter gro\u00dfen Teilen der Stra\u00dfe Kan\u00e4le und Leitungen befinden, ist das ein l\u00e4ngerfristiger Prozess. Wir freuen uns, dass sich das <a href=\"https:\/\/merlinstuttgart.de\" target=\"_blank\" rel=\"noreferrer noopener\">Kulturzentrum Merlin<\/a> dazu bereit erkl\u00e4rt hat, die zus\u00e4tzlichen B\u00e4ume zu bew\u00e4ssern. Das Merlin ist Mittelpunkt f\u00fcr die B\u00fcrgerinitiative Superblock West, die das Stadtentwicklungsprojekt vorangetrieben hat.<\/p>\n\n\n\n<blockquote class=\"wp-block-quote is-layout-flow wp-block-quote-is-layout-flow\">\n<p>Wichtig ist uns die Beteiligung der Anwohnerinnen und Anwohner. Daf\u00fcr gab es bereits Gespr\u00e4chsforen und es wird zahlreiche Gelegenheiten geben f\u00fcr W\u00fcnsche und Verbesserungsvorschl\u00e4ge.<\/p>\n<cite>Bernhard Mellert, Bezirksvorsteher Stuttgart-West<\/cite><\/blockquote>\n\n\n\n<p><br><\/p>\n","protected":false},"excerpt":{"rendered":"<p>Endlich ist es so weit: Am 4. Juni startete ganz offiziell der Verkehrsversuch, mit dem der erste Superblock in Stuttgart eingerichtet wird. Damit wird die Augustenstra\u00dfe in Stuttgart-West f\u00fcr mindestens [&hellip;]<\/p>\n","protected":false},"author":14,"featured_media":1320,"parent":1242,"menu_order":0,"comment_status":"closed","ping_status":"closed","template":"","meta":{"footnotes":"","beyondwords_generate_audio":"1","beyondwords_integration_method":"","beyondwords_project_id":"43673","beyondwords_content_id":"c3a9ef0f-9def-445f-949c-65164e7ca8c0","beyondwords_preview_token":"e219eea8-78aa-4ed6-8299-401b710547a9","beyondwords_player_content":"","beyondwords_player_style":"small","beyondwords_language_code":"de_DE","beyondwords_language_id":"44","beyondwords_title_voice_id":"2522","beyondwords_body_voice_id":"2522","beyondwords_summary_voice_id":"2522","beyondwords_error_message":"","beyondwords_disabled":"","beyondwords_delete_content":"","beyondwords_podcast_id":"c3a9ef0f-9def-445f-949c-65164e7ca8c0","beyondwords_hash":"","publish_post_to_speechkit":"","speechkit_hash":"","speechkit_generate_audio":"","speechkit_project_id":"","speechkit_podcast_id":"","speechkit_error_message":"","speechkit_disabled":"","speechkit_access_key":"","speechkit_error":"","speechkit_info":"","speechkit_response":"","speechkit_retries":"","speechkit_status":"","speechkit_updated_at":"","_speechkit_link":"","_speechkit_text":""},"class_list":["post-1318","page","type-page","status-publish","has-post-thumbnail","hentry"],"yoast_head":"<!-- This site is optimized with the Yoast SEO plugin v27.5 - https:\/\/yoast.com\/product\/yoast-seo-wordpress\/ -->\n<title>Die Augustenstra\u00dfe ist Stuttgarts erster Superblock - Gr\u00fcne Stuttgart West<\/title>\n<meta name=\"description\" content=\"Mit dem Stuttgarter Superblock gestalten wir die Augustenstra\u00dfe so um, dass der \u00f6ffentliche Raum f\u00fcr die Nachbarschaft sch\u00f6ner und lebendiger wird.\" \/>\n<meta name=\"robots\" content=\"index, follow, max-snippet:-1, max-image-preview:large, max-video-preview:-1\" \/>\n<link rel=\"canonical\" href=\"https:\/\/gruene-ov-stuttgart.de\/west\/gruen-wirkt\/die-augustenstrasse-wird-zum-superblock\/\" \/>\n<meta property=\"og:locale\" content=\"de_DE\" \/>\n<meta property=\"og:type\" content=\"article\" \/>\n<meta property=\"og:title\" content=\"Die Augustenstra\u00dfe ist Stuttgarts erster Superblock - Gr\u00fcne Stuttgart West\" \/>\n<meta property=\"og:description\" content=\"Mit dem Stuttgarter Superblock gestalten wir die Augustenstra\u00dfe so um, dass der \u00f6ffentliche Raum f\u00fcr die Nachbarschaft sch\u00f6ner und lebendiger wird.\" \/>\n<meta property=\"og:url\" content=\"https:\/\/gruene-ov-stuttgart.de\/west\/gruen-wirkt\/die-augustenstrasse-wird-zum-superblock\/\" \/>\n<meta property=\"og:site_name\" content=\"Gr\u00fcne Stuttgart West\" \/>\n<meta property=\"article:modified_time\" content=\"2024-09-01T05:51:49+00:00\" \/>\n<meta property=\"og:image\" content=\"https:\/\/gruene-ov-stuttgart.de\/west\/wp-content\/uploads\/2024\/02\/superblock_banner.png\" \/>\n\t<meta property=\"og:image:width\" content=\"1902\" \/>\n\t<meta property=\"og:image:height\" content=\"845\" \/>\n\t<meta property=\"og:image:type\" content=\"image\/png\" \/>\n<meta name=\"twitter:card\" content=\"summary_large_image\" \/>\n<script type=\"application\/ld+json\" class=\"yoast-schema-graph\">{\"@context\":\"https:\\\/\\\/schema.org\",\"@graph\":[{\"@type\":\"WebPage\",\"@id\":\"https:\\\/\\\/gruene-ov-stuttgart.de\\\/west\\\/gruen-wirkt\\\/die-augustenstrasse-wird-zum-superblock\\\/\",\"url\":\"https:\\\/\\\/gruene-ov-stuttgart.de\\\/west\\\/gruen-wirkt\\\/die-augustenstrasse-wird-zum-superblock\\\/\",\"name\":\"Die Augustenstra\u00dfe ist Stuttgarts erster Superblock - Gr\u00fcne Stuttgart West\",\"isPartOf\":{\"@id\":\"https:\\\/\\\/gruene-ov-stuttgart.de\\\/west\\\/#website\"},\"primaryImageOfPage\":{\"@id\":\"https:\\\/\\\/gruene-ov-stuttgart.de\\\/west\\\/gruen-wirkt\\\/die-augustenstrasse-wird-zum-superblock\\\/#primaryimage\"},\"image\":{\"@id\":\"https:\\\/\\\/gruene-ov-stuttgart.de\\\/west\\\/gruen-wirkt\\\/die-augustenstrasse-wird-zum-superblock\\\/#primaryimage\"},\"thumbnailUrl\":\"https:\\\/\\\/gruene-ov-stuttgart.de\\\/west\\\/wp-content\\\/uploads\\\/2024\\\/02\\\/superblock_banner.png\",\"datePublished\":\"2024-02-01T10:38:20+00:00\",\"dateModified\":\"2024-09-01T05:51:49+00:00\",\"description\":\"Mit dem Stuttgarter Superblock gestalten wir die Augustenstra\u00dfe so um, dass der \u00f6ffentliche Raum f\u00fcr die Nachbarschaft sch\u00f6ner und lebendiger wird.\",\"breadcrumb\":{\"@id\":\"https:\\\/\\\/gruene-ov-stuttgart.de\\\/west\\\/gruen-wirkt\\\/die-augustenstrasse-wird-zum-superblock\\\/#breadcrumb\"},\"inLanguage\":\"de\",\"potentialAction\":[{\"@type\":\"ReadAction\",\"target\":[\"https:\\\/\\\/gruene-ov-stuttgart.de\\\/west\\\/gruen-wirkt\\\/die-augustenstrasse-wird-zum-superblock\\\/\"]}]},{\"@type\":\"ImageObject\",\"inLanguage\":\"de\",\"@id\":\"https:\\\/\\\/gruene-ov-stuttgart.de\\\/west\\\/gruen-wirkt\\\/die-augustenstrasse-wird-zum-superblock\\\/#primaryimage\",\"url\":\"https:\\\/\\\/gruene-ov-stuttgart.de\\\/west\\\/wp-content\\\/uploads\\\/2024\\\/02\\\/superblock_banner.png\",\"contentUrl\":\"https:\\\/\\\/gruene-ov-stuttgart.de\\\/west\\\/wp-content\\\/uploads\\\/2024\\\/02\\\/superblock_banner.png\",\"width\":1902,\"height\":845},{\"@type\":\"BreadcrumbList\",\"@id\":\"https:\\\/\\\/gruene-ov-stuttgart.de\\\/west\\\/gruen-wirkt\\\/die-augustenstrasse-wird-zum-superblock\\\/#breadcrumb\",\"itemListElement\":[{\"@type\":\"ListItem\",\"position\":1,\"name\":\"Startseite\",\"item\":\"https:\\\/\\\/gruene-ov-stuttgart.de\\\/west\\\/\"},{\"@type\":\"ListItem\",\"position\":2,\"name\":\"Im Westen viel Neues.\",\"item\":\"https:\\\/\\\/gruene-ov-stuttgart.de\\\/west\\\/gruen-wirkt\\\/\"},{\"@type\":\"ListItem\",\"position\":3,\"name\":\"Die Augustenstra\u00dfe ist Stuttgarts erster Superblock\"}]},{\"@type\":\"WebSite\",\"@id\":\"https:\\\/\\\/gruene-ov-stuttgart.de\\\/west\\\/#website\",\"url\":\"https:\\\/\\\/gruene-ov-stuttgart.de\\\/west\\\/\",\"name\":\"Gr\u00fcne Stuttgart West\",\"description\":\"B\u00fcndnis 90\\\/DIE GR\u00dcNEN im Stuttgarter Westen\",\"potentialAction\":[{\"@type\":\"SearchAction\",\"target\":{\"@type\":\"EntryPoint\",\"urlTemplate\":\"https:\\\/\\\/gruene-ov-stuttgart.de\\\/west\\\/?s={search_term_string}\"},\"query-input\":{\"@type\":\"PropertyValueSpecification\",\"valueRequired\":true,\"valueName\":\"search_term_string\"}}],\"inLanguage\":\"de\"}]}<\/script>\n<!-- \/ Yoast SEO plugin. -->","yoast_head_json":{"title":"Die Augustenstra\u00dfe ist Stuttgarts erster Superblock - Gr\u00fcne Stuttgart West","description":"Mit dem Stuttgarter Superblock gestalten wir die Augustenstra\u00dfe so um, dass der \u00f6ffentliche Raum f\u00fcr die Nachbarschaft sch\u00f6ner und lebendiger wird.","robots":{"index":"index","follow":"follow","max-snippet":"max-snippet:-1","max-image-preview":"max-image-preview:large","max-video-preview":"max-video-preview:-1"},"canonical":"https:\/\/gruene-ov-stuttgart.de\/west\/gruen-wirkt\/die-augustenstrasse-wird-zum-superblock\/","og_locale":"de_DE","og_type":"article","og_title":"Die Augustenstra\u00dfe ist Stuttgarts erster Superblock - Gr\u00fcne Stuttgart West","og_description":"Mit dem Stuttgarter Superblock gestalten wir die Augustenstra\u00dfe so um, dass der \u00f6ffentliche Raum f\u00fcr die Nachbarschaft sch\u00f6ner und lebendiger wird.","og_url":"https:\/\/gruene-ov-stuttgart.de\/west\/gruen-wirkt\/die-augustenstrasse-wird-zum-superblock\/","og_site_name":"Gr\u00fcne Stuttgart West","article_modified_time":"2024-09-01T05:51:49+00:00","og_image":[{"width":1902,"height":845,"url":"https:\/\/gruene-ov-stuttgart.de\/west\/wp-content\/uploads\/2024\/02\/superblock_banner.png","type":"image\/png"}],"twitter_card":"summary_large_image","schema":{"@context":"https:\/\/schema.org","@graph":[{"@type":"WebPage","@id":"https:\/\/gruene-ov-stuttgart.de\/west\/gruen-wirkt\/die-augustenstrasse-wird-zum-superblock\/","url":"https:\/\/gruene-ov-stuttgart.de\/west\/gruen-wirkt\/die-augustenstrasse-wird-zum-superblock\/","name":"Die Augustenstra\u00dfe ist Stuttgarts erster Superblock - Gr\u00fcne Stuttgart West","isPartOf":{"@id":"https:\/\/gruene-ov-stuttgart.de\/west\/#website"},"primaryImageOfPage":{"@id":"https:\/\/gruene-ov-stuttgart.de\/west\/gruen-wirkt\/die-augustenstrasse-wird-zum-superblock\/#primaryimage"},"image":{"@id":"https:\/\/gruene-ov-stuttgart.de\/west\/gruen-wirkt\/die-augustenstrasse-wird-zum-superblock\/#primaryimage"},"thumbnailUrl":"https:\/\/gruene-ov-stuttgart.de\/west\/wp-content\/uploads\/2024\/02\/superblock_banner.png","datePublished":"2024-02-01T10:38:20+00:00","dateModified":"2024-09-01T05:51:49+00:00","description":"Mit dem Stuttgarter Superblock gestalten wir die Augustenstra\u00dfe so um, dass der \u00f6ffentliche Raum f\u00fcr die Nachbarschaft sch\u00f6ner und lebendiger wird.","breadcrumb":{"@id":"https:\/\/gruene-ov-stuttgart.de\/west\/gruen-wirkt\/die-augustenstrasse-wird-zum-superblock\/#breadcrumb"},"inLanguage":"de","potentialAction":[{"@type":"ReadAction","target":["https:\/\/gruene-ov-stuttgart.de\/west\/gruen-wirkt\/die-augustenstrasse-wird-zum-superblock\/"]}]},{"@type":"ImageObject","inLanguage":"de","@id":"https:\/\/gruene-ov-stuttgart.de\/west\/gruen-wirkt\/die-augustenstrasse-wird-zum-superblock\/#primaryimage","url":"https:\/\/gruene-ov-stuttgart.de\/west\/wp-content\/uploads\/2024\/02\/superblock_banner.png","contentUrl":"https:\/\/gruene-ov-stuttgart.de\/west\/wp-content\/uploads\/2024\/02\/superblock_banner.png","width":1902,"height":845},{"@type":"BreadcrumbList","@id":"https:\/\/gruene-ov-stuttgart.de\/west\/gruen-wirkt\/die-augustenstrasse-wird-zum-superblock\/#breadcrumb","itemListElement":[{"@type":"ListItem","position":1,"name":"Startseite","item":"https:\/\/gruene-ov-stuttgart.de\/west\/"},{"@type":"ListItem","position":2,"name":"Im Westen viel Neues.","item":"https:\/\/gruene-ov-stuttgart.de\/west\/gruen-wirkt\/"},{"@type":"ListItem","position":3,"name":"Die Augustenstra\u00dfe ist Stuttgarts erster Superblock"}]},{"@type":"WebSite","@id":"https:\/\/gruene-ov-stuttgart.de\/west\/#website","url":"https:\/\/gruene-ov-stuttgart.de\/west\/","name":"Gr\u00fcne Stuttgart West","description":"B\u00fcndnis 90\/DIE GR\u00dcNEN im Stuttgarter Westen","potentialAction":[{"@type":"SearchAction","target":{"@type":"EntryPoint","urlTemplate":"https:\/\/gruene-ov-stuttgart.de\/west\/?s={search_term_string}"},"query-input":{"@type":"PropertyValueSpecification","valueRequired":true,"valueName":"search_term_string"}}],"inLanguage":"de"}]}},"_links":{"self":[{"href":"https:\/\/gruene-ov-stuttgart.de\/west\/wp-json\/wp\/v2\/pages\/1318","targetHints":{"allow":["GET"]}}],"collection":[{"href":"https:\/\/gruene-ov-stuttgart.de\/west\/wp-json\/wp\/v2\/pages"}],"about":[{"href":"https:\/\/gruene-ov-stuttgart.de\/west\/wp-json\/wp\/v2\/types\/page"}],"author":[{"embeddable":true,"href":"https:\/\/gruene-ov-stuttgart.de\/west\/wp-json\/wp\/v2\/users\/14"}],"replies":[{"embeddable":true,"href":"https:\/\/gruene-ov-stuttgart.de\/west\/wp-json\/wp\/v2\/comments?post=1318"}],"version-history":[{"count":39,"href":"https:\/\/gruene-ov-stuttgart.de\/west\/wp-json\/wp\/v2\/pages\/1318\/revisions"}],"predecessor-version":[{"id":1879,"href":"https:\/\/gruene-ov-stuttgart.de\/west\/wp-json\/wp\/v2\/pages\/1318\/revisions\/1879"}],"up":[{"embeddable":true,"href":"https:\/\/gruene-ov-stuttgart.de\/west\/wp-json\/wp\/v2\/pages\/1242"}],"wp:featuredmedia":[{"embeddable":true,"href":"https:\/\/gruene-ov-stuttgart.de\/west\/wp-json\/wp\/v2\/media\/1320"}],"wp:attachment":[{"href":"https:\/\/gruene-ov-stuttgart.de\/west\/wp-json\/wp\/v2\/media?parent=1318"}],"curies":[{"name":"wp","href":"https:\/\/api.w.org\/{rel}","templated":true}]}}