{"id":1356,"date":"2024-02-02T11:26:40","date_gmt":"2024-02-02T10:26:40","guid":{"rendered":"https:\/\/gruene-ov-stuttgart.de\/west\/?page_id=1356"},"modified":"2024-12-17T06:58:41","modified_gmt":"2024-12-17T05:58:41","slug":"fraktion","status":"publish","type":"page","link":"https:\/\/gruene-ov-stuttgart.de\/west\/das-sind-wir\/bezirksbeirat\/fraktion\/","title":{"rendered":"Fraktion"},"content":{"rendered":"\n<p>Die Gr\u00fcne Fraktion im Bezirksbeirat West besteht in dieser Wahlperiode aus sechs ordentlichen Beir\u00e4tinnen und Beir\u00e4ten, sowie sechs Stellvertreterinnen und Stellvertretern. Wir stellen die gr\u00f6\u00dfte Fraktion im Stuttgarter Westen und sind die Ansprechpartner f\u00fcr Ihre Anliegen im Stadtbezirk.<\/p>\n\n\n\n<p>Mehr Infos zum Bezirksbeirat, den Mitgliedern, Sitzungen und Tagesordnungen finden Sie in <a href=\"https:\/\/allris.stuttgart.de\/gr020?GRLFDNR=145\" target=\"_blank\" rel=\"noreferrer noopener\">ALLRIS<\/a>.<\/p>\n\n\n\n<h4 class=\"wp-block-heading\">Ordentliche Mitglieder<\/h4>\n\n\n<div class=\"tmm tmm_ordentlich\"><div class=\"tmm_3_columns tmm_wrap tmm_plugin_f\"><span class=\"tmm_two_containers_tablet\"><\/span><div class=\"tmm_container\"><div class=\"tmm_member\" style=\"border-top:#333333 solid 5px;\"><div class=\"tmm_photo tmm_pic_ordentlich_0\" style=\"background: url(https:\/\/gruene-ov-stuttgart.de\/west\/wp-content\/uploads\/2024\/05\/WilhelmaBild-scaled-e1716240350392.jpg); margin-left: auto; margin-right:auto; background-size:cover !important;\"><\/div><div class=\"tmm_textblock\"><div class=\"tmm_names\"><span class=\"tmm_fname\">Sabine<\/span> <span class=\"tmm_lname\">Wassmer<\/span><\/div><div class=\"tmm_job\">Sprecherin<\/div><div class=\"tmm_scblock\"><a class=\"tmm_sociallink\" href=\"mailto:w&#097;&#115;s&#109;&#101;&#114;&#064;&#111;&#110;lin&#101;h&#111;&#109;&#101;&#046;d&#101;\" title=\"wassmer(at)onlinehome.de\"><img decoding=\"async\" alt=\"wassmer(at)onlinehome.de\" src=\"https:\/\/gruene-ov-stuttgart.de\/west\/wp-content\/plugins\/team-members\/inc\/img\/links\/email.png\"\/><\/a><a class=\"tmm_sociallink\" href=\"\" title=\"+49 163 1763126\"><img decoding=\"async\" alt=\"+49 163 1763126\" src=\"https:\/\/gruene-ov-stuttgart.de\/west\/wp-content\/plugins\/team-members\/inc\/img\/links\/phone.png\"\/><\/a><\/div><\/div><\/div><div class=\"tmm_member\" style=\"border-top:#333333 solid 5px;\"><div class=\"tmm_photo tmm_pic_ordentlich_1\" style=\"background: url(https:\/\/gruene-ov-stuttgart.de\/west\/wp-content\/uploads\/2024\/11\/Stefan-Lasse-scaled.jpg); margin-left: auto; margin-right:auto; background-size:cover !important;\"><\/div><div class=\"tmm_textblock\"><div class=\"tmm_names\"><span class=\"tmm_fname\">Stefan<\/span> <span class=\"tmm_lname\">Lasse<\/span><\/div><div class=\"tmm_job\">Sprecher<\/div><div class=\"tmm_scblock\"><a class=\"tmm_sociallink\" href=\"mailto:s&#116;&#101;&#102;a&#110;&#108;a&#115;&#115;e&#064;p&#109;&#046;&#109;&#101;\" title=\"stefanlasse(at)pm.me\"><img decoding=\"async\" alt=\"stefanlasse(at)pm.me\" src=\"https:\/\/gruene-ov-stuttgart.de\/west\/wp-content\/plugins\/team-members\/inc\/img\/links\/email.png\"\/><\/a><\/div><\/div><\/div><span class=\"tmm_two_containers_tablet\"><\/span><div class=\"tmm_member\" style=\"border-top:#333333 solid 5px;\"><div class=\"tmm_photo tmm_pic_ordentlich_2\" style=\"background: url(https:\/\/gruene-ov-stuttgart.de\/west\/wp-content\/uploads\/2018\/02\/2018-01-Passfoto-e1519587209806.jpg); margin-left: auto; margin-right:auto; background-size:cover !important;\"><\/div><div class=\"tmm_textblock\"><div class=\"tmm_names\"><span class=\"tmm_fname\">Maria<\/span> <span class=\"tmm_lname\">Flendt<\/span><\/div><div class=\"tmm_scblock\"><a class=\"tmm_sociallink\" href=\"mailto:&#102;lend&#116;.&#098;ezi&#114;ksb&#101;i&#114;a&#116;&#045;&#119;&#101;st&#064;t-o&#110;&#108;i&#110;&#101;&#046;de\" title=\"flendt.bezirksbeirat-west(at)t-online.de\"><img decoding=\"async\" alt=\"flendt.bezirksbeirat-west(at)t-online.de\" src=\"https:\/\/gruene-ov-stuttgart.de\/west\/wp-content\/plugins\/team-members\/inc\/img\/links\/email.png\"\/><\/a><\/div><\/div><\/div><\/div><span class=\"tmm_columns_containers_desktop\"><\/span><div class=\"tmm_container\"><div class=\"tmm_member\" style=\"border-top:#333333 solid 5px;\"><div class=\"tmm_photo tmm_pic_ordentlich_3\" style=\"background: url(https:\/\/gruene-ov-stuttgart.de\/west\/wp-content\/uploads\/2017\/01\/Gerhard-E.jpg); margin-left: auto; margin-right:auto; background-size:cover !important;\"><\/div><div class=\"tmm_textblock\"><div class=\"tmm_names\"><span class=\"tmm_fname\">Gerhard<\/span> <span class=\"tmm_lname\">Ebertsh\u00e4user<\/span><\/div><div class=\"tmm_scblock\"><a class=\"tmm_sociallink\" href=\"mailto:e&#098;e&#114;ts&#104;a&#101;&#117;&#115;e&#114;.bez&#105;rk&#115;&#098;ei&#114;&#097;t&#064;&#111;&#110;&#108;&#105;neh&#111;m&#101;.&#100;e\" title=\"ebertshaeuser.bezirksbeirat(at)onlinehome.de\"><img decoding=\"async\" alt=\"ebertshaeuser.bezirksbeirat(at)onlinehome.de\" src=\"https:\/\/gruene-ov-stuttgart.de\/west\/wp-content\/plugins\/team-members\/inc\/img\/links\/email.png\"\/><\/a><\/div><\/div><\/div><span class=\"tmm_two_containers_tablet\"><\/span><div class=\"tmm_member\" style=\"border-top:#333333 solid 5px;\"><div class=\"tmm_photo tmm_pic_ordentlich_4\" style=\"background: url(https:\/\/gruene-ov-stuttgart.de\/west\/wp-content\/uploads\/2024\/10\/Nadine-Ulrich-e1730279762639.png); margin-left: auto; margin-right:auto; background-size:cover !important;\"><\/div><div class=\"tmm_textblock\"><div class=\"tmm_names\"><span class=\"tmm_fname\">Nadine<\/span> <span class=\"tmm_lname\">Ulrich<\/span><\/div><div class=\"tmm_scblock\"><a class=\"tmm_sociallink\" href=\"mailto:&#110;&#097;&#100;&#105;n&#101;.u&#108;r&#105;c&#104;&#064;&#112;&#111;s&#116;e&#111;&#046;&#100;e\" title=\"nadine.ulrich(at)posteo.de\"><img decoding=\"async\" alt=\"nadine.ulrich(at)posteo.de\" src=\"https:\/\/gruene-ov-stuttgart.de\/west\/wp-content\/plugins\/team-members\/inc\/img\/links\/email.png\"\/><\/a><\/div><\/div><\/div><div class=\"tmm_member\" style=\"border-top:#333333 solid 5px;\"><div class=\"tmm_photo tmm_pic_ordentlich_5\" style=\"background: url(https:\/\/gruene-ov-stuttgart.de\/west\/wp-content\/uploads\/2024\/05\/signal-2024-05-30-180414_002-e1717085614378.jpeg); margin-left: auto; margin-right:auto; background-size:cover !important;\"><\/div><div class=\"tmm_textblock\"><div class=\"tmm_names\"><span class=\"tmm_fname\">Markus<\/span> <span class=\"tmm_lname\">Ganser<\/span><\/div><div class=\"tmm_scblock\"><a class=\"tmm_sociallink\" href=\"mailto:ma&#114;kus&#103;&#097;&#110;ser&#064;po&#115;&#116;eo.&#100;e\" title=\"markusganser(at)posteo.de\"><img decoding=\"async\" alt=\"markusganser(at)posteo.de\" src=\"https:\/\/gruene-ov-stuttgart.de\/west\/wp-content\/plugins\/team-members\/inc\/img\/links\/email.png\"\/><\/a><\/div><\/div><\/div><div style=\"clear:both;\"><\/div><\/div><\/div><\/div>\n\n\n\n<h4 class=\"wp-block-heading\">Stellvertretende Mitglieder<\/h4>\n\n\n<div class=\"tmm tmm_stellvertretende-mitglieder\"><div class=\"tmm_3_columns tmm_wrap tmm_plugin_f\"><span class=\"tmm_two_containers_tablet\"><\/span><div class=\"tmm_container\"><div class=\"tmm_member\" style=\"border-top:#333333 solid 5px;\"><div class=\"tmm_photo tmm_pic_stellvertretende-mitglieder_0\" style=\"background: url(https:\/\/gruene-ov-stuttgart.de\/west\/wp-content\/uploads\/2024\/05\/signal-2024-05-20-184928_002-e1716240332162.jpeg); margin-left: auto; margin-right:auto; background-size:cover !important;\"><\/div><div class=\"tmm_textblock\"><div class=\"tmm_names\"><span class=\"tmm_fname\">Helga<\/span> <span class=\"tmm_lname\">Kaiser<\/span><\/div><div class=\"tmm_scblock\"><a class=\"tmm_sociallink\" href=\"mailto:&#107;&#097;i&#115;er.&#104;&#064;&#103;mx&#046;&#100;e\" title=\"kaiser.h(at)gmx.de\"><img decoding=\"async\" alt=\"kaiser.h(at)gmx.de\" src=\"https:\/\/gruene-ov-stuttgart.de\/west\/wp-content\/plugins\/team-members\/inc\/img\/links\/email.png\"\/><\/a><\/div><\/div><\/div><div class=\"tmm_member\" style=\"border-top:#333333 solid 5px;\"><div class=\"tmm_photo tmm_pic_stellvertretende-mitglieder_1\" style=\"background: url(https:\/\/gruene-ov-stuttgart.de\/west\/wp-content\/uploads\/2024\/11\/tobias_kromer.jpg); margin-left: auto; margin-right:auto; background-size:cover !important;\"><\/div><div class=\"tmm_textblock\"><div class=\"tmm_names\"><span class=\"tmm_fname\">Tobias<\/span> <span class=\"tmm_lname\">Kromer<\/span><\/div><div class=\"tmm_scblock\"><a class=\"tmm_sociallink\" href=\"mailto:tk&#064;&#116;&#114;&#105;&#116;&#111;&#115;-c&#111;&#110;s&#117;&#108;ting.&#100;&#101;\" title=\"tk(at)tritos-consulting.de\"><img decoding=\"async\" alt=\"tk(at)tritos-consulting.de\" src=\"https:\/\/gruene-ov-stuttgart.de\/west\/wp-content\/plugins\/team-members\/inc\/img\/links\/email.png\"\/><\/a><\/div><\/div><\/div><span class=\"tmm_two_containers_tablet\"><\/span><div class=\"tmm_member\" style=\"border-top:#333333 solid 5px;\"><div class=\"tmm_photo tmm_pic_stellvertretende-mitglieder_2\" style=\"background: url(https:\/\/gruene-ov-stuttgart.de\/west\/wp-content\/uploads\/2025\/10\/Schoen-Elena-scaled.jpg); margin-left: auto; margin-right:auto; background-size:cover !important;\"><\/div><div class=\"tmm_textblock\"><div class=\"tmm_names\"><span class=\"tmm_fname\">Elena<\/span> <span class=\"tmm_lname\">Sch\u00f6n<\/span><\/div><div class=\"tmm_scblock\"><a class=\"tmm_sociallink\" href=\"mailto:&#101;l&#101;&#110;a&#046;sc&#104;oe&#110;&#064;poste&#111;.&#100;e\" title=\"elena.schoen(at)posteo.de\"><img decoding=\"async\" alt=\"elena.schoen(at)posteo.de\" src=\"https:\/\/gruene-ov-stuttgart.de\/west\/wp-content\/plugins\/team-members\/inc\/img\/links\/email.png\"\/><\/a><\/div><\/div><\/div><\/div><span class=\"tmm_columns_containers_desktop\"><\/span><div class=\"tmm_container\"><div class=\"tmm_member\" style=\"border-top:#333333 solid 5px;\"><div class=\"tmm_photo tmm_pic_stellvertretende-mitglieder_3\" style=\"background: url(https:\/\/gruene-ov-stuttgart.de\/west\/wp-content\/uploads\/2025\/10\/carsten2025.jpg); margin-left: auto; margin-right:auto; background-size:cover !important;\"><\/div><div class=\"tmm_textblock\"><div class=\"tmm_names\"><span class=\"tmm_fname\">Carsten<\/span> <span class=\"tmm_lname\">Tschamber<\/span><\/div><div class=\"tmm_scblock\"><a class=\"tmm_sociallink\" href=\"mailto:&#098;e&#122;&#105;rksbe&#105;&#114;&#097;&#116;&#064;&#116;&#115;&#099;h&#097;mbe&#114;.de\" title=\"bezirksbeirat(at)tschamber.de\"><img decoding=\"async\" alt=\"bezirksbeirat(at)tschamber.de\" src=\"https:\/\/gruene-ov-stuttgart.de\/west\/wp-content\/plugins\/team-members\/inc\/img\/links\/email.png\"\/><\/a><\/div><\/div><\/div><span class=\"tmm_two_containers_tablet\"><\/span><div class=\"tmm_member\" style=\"border-top:#333333 solid 5px;\"><div class=\"tmm_photo tmm_pic_stellvertretende-mitglieder_4\" style=\"background: url(https:\/\/gruene-ov-stuttgart.de\/west\/wp-content\/uploads\/2025\/06\/Portraet-Kathinka-Kaden.png); margin-left: auto; margin-right:auto; background-size:cover !important;\"><\/div><div class=\"tmm_textblock\"><div class=\"tmm_names\"><span class=\"tmm_fname\">Kathinka<\/span> <span class=\"tmm_lname\">Kaden<\/span><\/div><div class=\"tmm_scblock\"><a class=\"tmm_sociallink\" href=\"mailto:Ka&#116;&#104;i&#110;&#107;a.&#075;&#097;d&#101;n&#064;&#103;&#109;&#120;.&#100;&#101;\" title=\"Kathinka.Kaden(at)gmx.de\"><img decoding=\"async\" alt=\"Kathinka.Kaden(at)gmx.de\" src=\"https:\/\/gruene-ov-stuttgart.de\/west\/wp-content\/plugins\/team-members\/inc\/img\/links\/email.png\"\/><\/a><\/div><\/div><\/div><div class=\"tmm_member\" style=\"border-top:#333333 solid 5px;\"><div class=\"tmm_photo tmm_pic_stellvertretende-mitglieder_5\" style=\"background: url(https:\/\/gruene-ov-stuttgart.de\/west\/wp-content\/uploads\/2025\/10\/Ben_Foto.jpg); margin-left: auto; margin-right:auto; background-size:cover !important;\"><\/div><div class=\"tmm_textblock\"><div class=\"tmm_names\"><span class=\"tmm_fname\">Ben<\/span> <span class=\"tmm_lname\">Funke<\/span><\/div><div class=\"tmm_scblock\"><a class=\"tmm_sociallink\" href=\"mailto:b&#101;n_&#102;&#117;&#110;&#107;e&#064;&#119;&#101;b.d&#101;\" title=\"ben_funke(at)web.de\"><img decoding=\"async\" alt=\"ben_funke(at)web.de\" src=\"https:\/\/gruene-ov-stuttgart.de\/west\/wp-content\/plugins\/team-members\/inc\/img\/links\/email.png\"\/><\/a><\/div><\/div><\/div><div style=\"clear:both;\"><\/div><\/div><\/div><\/div>\n\n\n\n<h4 class=\"wp-block-heading\">Betreuungsstadtr\u00e4te und Bezirksvorsteher<\/h4>\n\n\n<div class=\"tmm tmm_betreuungsstadtrat-und-vorsteher\"><div class=\"tmm_3_columns tmm_wrap tmm_plugin_f\"><span class=\"tmm_two_containers_tablet\"><\/span><div class=\"tmm_container\"><div class=\"tmm_member\" style=\"border-top:#333333 solid 5px;\"><div class=\"tmm_photo tmm_pic_betreuungsstadtrat-und-vorsteher_0\" style=\"background: url(https:\/\/gruene-ov-stuttgart.de\/west\/wp-content\/uploads\/2024\/02\/20230322_171025_MarcelRoth-kl.jpg); margin-left: auto; margin-right:auto; background-size:cover !important;\"><\/div><div class=\"tmm_textblock\"><div class=\"tmm_names\"><span class=\"tmm_fname\">Marcel <\/span> <span class=\"tmm_lname\">Roth<\/span><\/div><div class=\"tmm_job\">Betreuungsstadtrat<\/div><div class=\"tmm_scblock\"><a class=\"tmm_sociallink\" href=\"mailto:&#109;a&#114;c&#101;&#108;&#046;&#114;&#111;&#116;&#104;&#064;&#041;stu&#116;&#116;&#103;&#097;rt.de\" title=\"marcel.roth(at)stuttgart.de\"><img decoding=\"async\" alt=\"marcel.roth(at)stuttgart.de\" src=\"https:\/\/gruene-ov-stuttgart.de\/west\/wp-content\/plugins\/team-members\/inc\/img\/links\/email.png\"\/><\/a><\/div><\/div><\/div><div class=\"tmm_member\" style=\"border-top:#333333 solid 5px;\"><div class=\"tmm_photo tmm_pic_betreuungsstadtrat-und-vorsteher_1\" style=\"background: url(https:\/\/gruene-ov-stuttgart.de\/west\/wp-content\/uploads\/2024\/02\/Sebastian-kl-squ.jpg); margin-left: auto; margin-right:auto; background-size:cover !important;\"><\/div><div class=\"tmm_textblock\"><div class=\"tmm_names\"><span class=\"tmm_fname\">Sebastian<\/span> <span class=\"tmm_lname\">Karl<\/span><\/div><div class=\"tmm_job\">Betreuungsstadtrat<\/div><div class=\"tmm_scblock\"><a class=\"tmm_sociallink\" href=\"mailto:S&#101;b&#097;st&#105;a&#110;&#046;&#075;&#097;&#114;l&#064;&#115;tu&#116;&#116;ga&#114;t.d&#101;\" title=\"Sebastian.Karl(at)stuttgart.de\"><img decoding=\"async\" alt=\"Sebastian.Karl(at)stuttgart.de\" src=\"https:\/\/gruene-ov-stuttgart.de\/west\/wp-content\/plugins\/team-members\/inc\/img\/links\/email.png\"\/><\/a><\/div><\/div><\/div><span class=\"tmm_two_containers_tablet\"><\/span><div class=\"tmm_member\" style=\"border-top:#333333 solid 5px;\"><div class=\"tmm_photo tmm_pic_betreuungsstadtrat-und-vorsteher_2\" style=\"background: url(https:\/\/gruene-ov-stuttgart.de\/west\/wp-content\/uploads\/2024\/05\/3b1b35782a1325ab3c45be7f80853ab7-e1714911971106.webp); margin-left: auto; margin-right:auto; background-size:cover !important;\"><\/div><div class=\"tmm_textblock\"><div class=\"tmm_names\"><span class=\"tmm_fname\">Bernhard <\/span> <span class=\"tmm_lname\">Mellert<\/span><\/div><div class=\"tmm_job\">Bezirksvorsteher<\/div><div class=\"tmm_scblock\"><a class=\"tmm_sociallink\" href=\"mailto:b&#046;m&#101;&#108;&#108;&#101;rt&#064;&#115;tu&#116;&#116;&#103;&#097;&#114;&#116;&#046;&#100;e\" title=\"b.mellert(at)stuttgart.de\"><img decoding=\"async\" alt=\"b.mellert(at)stuttgart.de\" src=\"https:\/\/gruene-ov-stuttgart.de\/west\/wp-content\/plugins\/team-members\/inc\/img\/links\/email.png\"\/><\/a><\/div><\/div><\/div><div style=\"clear:both;\"><\/div><\/div><\/div><\/div>\n\n\n\n<p><\/p>\n","protected":false},"excerpt":{"rendered":"<p>Die Gr\u00fcne Fraktion im Bezirksbeirat West besteht in dieser Wahlperiode aus sechs ordentlichen Beir\u00e4tinnen und Beir\u00e4ten, sowie sechs Stellvertreterinnen und Stellvertretern. Wir stellen die gr\u00f6\u00dfte Fraktion im Stuttgarter Westen und [&hellip;]<\/p>\n","protected":false},"author":14,"featured_media":0,"parent":1353,"menu_order":0,"comment_status":"closed","ping_status":"closed","template":"","meta":{"footnotes":"","beyondwords_generate_audio":"","beyondwords_integration_method":"","beyondwords_project_id":"","beyondwords_content_id":"","beyondwords_preview_token":"","beyondwords_player_content":"","beyondwords_player_style":"","beyondwords_language_code":"","beyondwords_language_id":"","beyondwords_title_voice_id":"","beyondwords_body_voice_id":"","beyondwords_summary_voice_id":"","beyondwords_error_message":"","beyondwords_disabled":"","beyondwords_delete_content":"","beyondwords_podcast_id":"","beyondwords_hash":"","publish_post_to_speechkit":"","speechkit_hash":"","speechkit_generate_audio":"","speechkit_project_id":"","speechkit_podcast_id":"","speechkit_error_message":"","speechkit_disabled":"","speechkit_access_key":"","speechkit_error":"","speechkit_info":"","speechkit_response":"","speechkit_retries":"","speechkit_status":"","speechkit_updated_at":"","_speechkit_link":"","_speechkit_text":""},"class_list":["post-1356","page","type-page","status-publish","hentry"],"yoast_head":"<!-- This site is optimized with the Yoast SEO plugin v27.5 - https:\/\/yoast.com\/product\/yoast-seo-wordpress\/ -->\n<title>Fraktion - Gr\u00fcne Stuttgart West Gr\u00fcne Fraktion im Bezirksbeirat West<\/title>\n<meta name=\"description\" content=\"Die Gr\u00fcne Fraktion im Bezirksbeirat West stellt sich vor.\" \/>\n<meta name=\"robots\" content=\"index, follow, max-snippet:-1, max-image-preview:large, max-video-preview:-1\" \/>\n<link rel=\"canonical\" href=\"https:\/\/gruene-ov-stuttgart.de\/west\/das-sind-wir\/bezirksbeirat\/fraktion\/\" \/>\n<meta property=\"og:locale\" content=\"de_DE\" \/>\n<meta property=\"og:type\" content=\"article\" \/>\n<meta property=\"og:title\" content=\"Fraktion - Gr\u00fcne Stuttgart West Gr\u00fcne Fraktion im Bezirksbeirat West\" \/>\n<meta property=\"og:description\" content=\"Die Gr\u00fcne Fraktion im Bezirksbeirat West stellt sich vor.\" \/>\n<meta property=\"og:url\" content=\"https:\/\/gruene-ov-stuttgart.de\/west\/das-sind-wir\/bezirksbeirat\/fraktion\/\" \/>\n<meta property=\"og:site_name\" content=\"Gr\u00fcne Stuttgart West\" \/>\n<meta property=\"article:modified_time\" content=\"2024-12-17T05:58:41+00:00\" \/>\n<meta name=\"twitter:card\" content=\"summary_large_image\" \/>\n<script type=\"application\/ld+json\" class=\"yoast-schema-graph\">{\"@context\":\"https:\\\/\\\/schema.org\",\"@graph\":[{\"@type\":\"WebPage\",\"@id\":\"https:\\\/\\\/gruene-ov-stuttgart.de\\\/west\\\/das-sind-wir\\\/bezirksbeirat\\\/fraktion\\\/\",\"url\":\"https:\\\/\\\/gruene-ov-stuttgart.de\\\/west\\\/das-sind-wir\\\/bezirksbeirat\\\/fraktion\\\/\",\"name\":\"Fraktion - Gr\u00fcne Stuttgart West Gr\u00fcne Fraktion im Bezirksbeirat West\",\"isPartOf\":{\"@id\":\"https:\\\/\\\/gruene-ov-stuttgart.de\\\/west\\\/#website\"},\"datePublished\":\"2024-02-02T10:26:40+00:00\",\"dateModified\":\"2024-12-17T05:58:41+00:00\",\"description\":\"Die Gr\u00fcne Fraktion im Bezirksbeirat West stellt sich vor.\",\"breadcrumb\":{\"@id\":\"https:\\\/\\\/gruene-ov-stuttgart.de\\\/west\\\/das-sind-wir\\\/bezirksbeirat\\\/fraktion\\\/#breadcrumb\"},\"inLanguage\":\"de\",\"potentialAction\":[{\"@type\":\"ReadAction\",\"target\":[\"https:\\\/\\\/gruene-ov-stuttgart.de\\\/west\\\/das-sind-wir\\\/bezirksbeirat\\\/fraktion\\\/\"]}]},{\"@type\":\"BreadcrumbList\",\"@id\":\"https:\\\/\\\/gruene-ov-stuttgart.de\\\/west\\\/das-sind-wir\\\/bezirksbeirat\\\/fraktion\\\/#breadcrumb\",\"itemListElement\":[{\"@type\":\"ListItem\",\"position\":1,\"name\":\"Startseite\",\"item\":\"https:\\\/\\\/gruene-ov-stuttgart.de\\\/west\\\/\"},{\"@type\":\"ListItem\",\"position\":2,\"name\":\"Das sind wir\",\"item\":\"https:\\\/\\\/gruene-ov-stuttgart.de\\\/west\\\/das-sind-wir\\\/\"},{\"@type\":\"ListItem\",\"position\":3,\"name\":\"Bezirksbeirat\",\"item\":\"https:\\\/\\\/gruene-ov-stuttgart.de\\\/west\\\/das-sind-wir\\\/bezirksbeirat\\\/\"},{\"@type\":\"ListItem\",\"position\":4,\"name\":\"Fraktion\"}]},{\"@type\":\"WebSite\",\"@id\":\"https:\\\/\\\/gruene-ov-stuttgart.de\\\/west\\\/#website\",\"url\":\"https:\\\/\\\/gruene-ov-stuttgart.de\\\/west\\\/\",\"name\":\"Gr\u00fcne Stuttgart West\",\"description\":\"B\u00fcndnis 90\\\/DIE GR\u00dcNEN im Stuttgarter Westen\",\"potentialAction\":[{\"@type\":\"SearchAction\",\"target\":{\"@type\":\"EntryPoint\",\"urlTemplate\":\"https:\\\/\\\/gruene-ov-stuttgart.de\\\/west\\\/?s={search_term_string}\"},\"query-input\":{\"@type\":\"PropertyValueSpecification\",\"valueRequired\":true,\"valueName\":\"search_term_string\"}}],\"inLanguage\":\"de\"}]}<\/script>\n<!-- \/ Yoast SEO plugin. -->","yoast_head_json":{"title":"Fraktion - Gr\u00fcne Stuttgart West Gr\u00fcne Fraktion im Bezirksbeirat West","description":"Die Gr\u00fcne Fraktion im Bezirksbeirat West stellt sich vor.","robots":{"index":"index","follow":"follow","max-snippet":"max-snippet:-1","max-image-preview":"max-image-preview:large","max-video-preview":"max-video-preview:-1"},"canonical":"https:\/\/gruene-ov-stuttgart.de\/west\/das-sind-wir\/bezirksbeirat\/fraktion\/","og_locale":"de_DE","og_type":"article","og_title":"Fraktion - Gr\u00fcne Stuttgart West Gr\u00fcne Fraktion im Bezirksbeirat West","og_description":"Die Gr\u00fcne Fraktion im Bezirksbeirat West stellt sich vor.","og_url":"https:\/\/gruene-ov-stuttgart.de\/west\/das-sind-wir\/bezirksbeirat\/fraktion\/","og_site_name":"Gr\u00fcne Stuttgart West","article_modified_time":"2024-12-17T05:58:41+00:00","twitter_card":"summary_large_image","schema":{"@context":"https:\/\/schema.org","@graph":[{"@type":"WebPage","@id":"https:\/\/gruene-ov-stuttgart.de\/west\/das-sind-wir\/bezirksbeirat\/fraktion\/","url":"https:\/\/gruene-ov-stuttgart.de\/west\/das-sind-wir\/bezirksbeirat\/fraktion\/","name":"Fraktion - Gr\u00fcne Stuttgart West Gr\u00fcne Fraktion im Bezirksbeirat West","isPartOf":{"@id":"https:\/\/gruene-ov-stuttgart.de\/west\/#website"},"datePublished":"2024-02-02T10:26:40+00:00","dateModified":"2024-12-17T05:58:41+00:00","description":"Die Gr\u00fcne Fraktion im Bezirksbeirat West stellt sich vor.","breadcrumb":{"@id":"https:\/\/gruene-ov-stuttgart.de\/west\/das-sind-wir\/bezirksbeirat\/fraktion\/#breadcrumb"},"inLanguage":"de","potentialAction":[{"@type":"ReadAction","target":["https:\/\/gruene-ov-stuttgart.de\/west\/das-sind-wir\/bezirksbeirat\/fraktion\/"]}]},{"@type":"BreadcrumbList","@id":"https:\/\/gruene-ov-stuttgart.de\/west\/das-sind-wir\/bezirksbeirat\/fraktion\/#breadcrumb","itemListElement":[{"@type":"ListItem","position":1,"name":"Startseite","item":"https:\/\/gruene-ov-stuttgart.de\/west\/"},{"@type":"ListItem","position":2,"name":"Das sind wir","item":"https:\/\/gruene-ov-stuttgart.de\/west\/das-sind-wir\/"},{"@type":"ListItem","position":3,"name":"Bezirksbeirat","item":"https:\/\/gruene-ov-stuttgart.de\/west\/das-sind-wir\/bezirksbeirat\/"},{"@type":"ListItem","position":4,"name":"Fraktion"}]},{"@type":"WebSite","@id":"https:\/\/gruene-ov-stuttgart.de\/west\/#website","url":"https:\/\/gruene-ov-stuttgart.de\/west\/","name":"Gr\u00fcne Stuttgart West","description":"B\u00fcndnis 90\/DIE GR\u00dcNEN im Stuttgarter Westen","potentialAction":[{"@type":"SearchAction","target":{"@type":"EntryPoint","urlTemplate":"https:\/\/gruene-ov-stuttgart.de\/west\/?s={search_term_string}"},"query-input":{"@type":"PropertyValueSpecification","valueRequired":true,"valueName":"search_term_string"}}],"inLanguage":"de"}]}},"_links":{"self":[{"href":"https:\/\/gruene-ov-stuttgart.de\/west\/wp-json\/wp\/v2\/pages\/1356","targetHints":{"allow":["GET"]}}],"collection":[{"href":"https:\/\/gruene-ov-stuttgart.de\/west\/wp-json\/wp\/v2\/pages"}],"about":[{"href":"https:\/\/gruene-ov-stuttgart.de\/west\/wp-json\/wp\/v2\/types\/page"}],"author":[{"embeddable":true,"href":"https:\/\/gruene-ov-stuttgart.de\/west\/wp-json\/wp\/v2\/users\/14"}],"replies":[{"embeddable":true,"href":"https:\/\/gruene-ov-stuttgart.de\/west\/wp-json\/wp\/v2\/comments?post=1356"}],"version-history":[{"count":12,"href":"https:\/\/gruene-ov-stuttgart.de\/west\/wp-json\/wp\/v2\/pages\/1356\/revisions"}],"predecessor-version":[{"id":1983,"href":"https:\/\/gruene-ov-stuttgart.de\/west\/wp-json\/wp\/v2\/pages\/1356\/revisions\/1983"}],"up":[{"embeddable":true,"href":"https:\/\/gruene-ov-stuttgart.de\/west\/wp-json\/wp\/v2\/pages\/1353"}],"wp:attachment":[{"href":"https:\/\/gruene-ov-stuttgart.de\/west\/wp-json\/wp\/v2\/media?parent=1356"}],"curies":[{"name":"wp","href":"https:\/\/api.w.org\/{rel}","templated":true}]}}